{"id":16,"date":"2011-03-04T15:19:59","date_gmt":"2011-03-04T15:19:59","guid":{"rendered":"https:\/\/2011-fr.montreal.wordcamp.org\/?page_id=16"},"modified":"2011-07-08T15:10:10","modified_gmt":"2011-07-08T19:10:10","slug":"devenir-conferencier","status":"publish","type":"page","link":"https:\/\/montreal.wordcamp.org\/2011-fr\/programme\/devenir-conferencier\/","title":{"rendered":"Devenir Conf\u00e9rencier"},"content":{"rendered":"<p>Chaque ann\u00e9e,\u00a0WordCamp\u00a0Montr\u00e9al\u00a0s&#8217;efforce\u00a0d&#8217;offrir\u00a0un large \u00e9ventail de\u00a0conf\u00e9rences et\u00a0discussions\u00a0sur\u00a0WordPress.\u00a0Nous recherchons des\u00a0personnes\u00a0qui\u00a0sont passionn\u00e9es par\u00a0WordPress\u00a0pour divertir\u00a0nos\u00a0visiteurs\u00a0et\u00a0leur apprendre\u00a0de nouvelles choses.<\/p>\n<h3>Date limite<\/h3>\n<p>Toute soumission doit \u00eatre re\u00e7u vendredi le 13 mai, au plus tard.<\/p>\n<h3>Pourquoi parler?<\/h3>\n<p>Pr\u00e9senter\u00a0\u00e0\u00a0WordCamp\u00a0requiert un certain effort, mais\u00a0c&#8217;est tr\u00e8s\u00a0gratifiant.\u00a0\u00c7a vous permet de d\u00e9montrer votre  intelligence,\u00a0de vous\u00a0faire valoir aupr\u00e8s des\u00a0entreprises et d&#8217;aider les gens \u00e0  approfondir leurs connaissances sur WordPress. Tout \u00e7a en m\u00eame temps!\u00a0Les  conf\u00e9renciers\u00a0re\u00e7oivent aussi un acc\u00e8s gratuit \u00e0  WordCamp.<\/p>\n<h3>Qu&#8217;est-ce\u00a0que nous recherchons<\/h3>\n<p>Le\u00a0conf\u00e9rencier\u00a0id\u00e9al\u00a0a\u00a0un sujet sur\u00a0WordPress\u00a0qui le\u00a0passionne vraiment\u00a0et sur lequel\u00a0il\u00a0peut pr\u00e9senter\u00a0pendant\u00a0<strong>45 minutes<\/strong> avec des <strong>diapositives  PowerPoint<\/strong> attrayantes\u00a0et\u00a0des <strong>explications coh\u00e9rentes et d\u00e9taill\u00e9es<\/strong>.\u00a0Les designers,\u00a0blogueurs,\u00a0entreprises\u00a0et d\u00e9veloppeurs\u00a0sont tous les bienvenus!\u00a0Les pr\u00e9sentations\u00a0peuvent\u00a0\u00eatre\u00a0<strong>en\u00a0anglais\u00a0ou en fran\u00e7ais<\/strong>.\u00a0Votre\u00a0sujet doit \u00eatre\u00a0<strong>reli\u00e9 \u00e0\u00a0WordPress<\/strong>.<\/p>\n<p>Montrez-nous\u00a0ce que vous\u00a0avez\u00a0fait\u00a0avec\u00a0WordPress\u00a0et\u00a0expliquer nous\u00a0<em>comment<\/em> vous l&#8217;avez fait,\u00a0ou\u00a0ce que\u00a0vous avez appris\u00a0dans le\u00a0processus.\u00a0Donnez-nous\u00a0des <strong>exemples concrets<\/strong> comme\u00a0des extraits\u00a0de code,\u00a010\u00a0le\u00e7ons\u00a0importantes\u00a0que vous avez apprises,\u00a0des conseils\u00a0sur la fa\u00e7on\u00a0d&#8217;\u00e9viter\u00a0les probl\u00e8mes,\u00a0etc.\u00a0Rien n&#8217;est\u00a0trop\u00a0compliqu\u00e9 ou trop simple.\u00a0Nous\u00a0recherchons une grande vari\u00e9t\u00e9 de  pr\u00e9sentations.<\/p>\n<p>Nous nous r\u00e9servons\u00a0le droit de\u00a0refuser\u00a0toute soumission.<\/p>\n<h3>Sujets g\u00e9n\u00e9raux<\/h3>\n<p>Les\u00a0sujets g\u00e9n\u00e9raux\u00a0que nous\u00a0esp\u00e9rons\u00a0pour couvrir sont\u00a0notamment:<\/p>\n<ul>\n<li>Utilisation de WordPress\u00a0pour bloguer\u00a0et\u00a0\u00e9crire.<\/li>\n<li>Utilisation WordPress\u00a0pour concevoir\u00a0et\u00a0construire des sites web.<\/li>\n<li>Guides\u00a0sur\u00a0les technologies\u00a0sous-jacentes\u00a0web\u00a0(html,\u00a0css,\u00a0php,\u00a0js)\u00a0qui sont n\u00e9cessaires\u00a0pour le d\u00e9veloppement avec\u00a0WordPress.<\/li>\n<li>D\u00e9veloppement de Plugin WordPress, contribution\u00a0au code de base\u00a0et\u00a0l&#8217;administration de syst\u00e8mes.<\/li>\n<\/ul>\n<p><a class=\"orangebutton\" title=\"Speaker signup form on google docs\" href=\"https:\/\/spreadsheets0.google.com\/viewform?hl=en&amp;hl=en&amp;formkey=dDNlczVmWXNwZnVNdmlQbDZyUHRLcEE6MQ#gid=0\">Voir le formulaire de soumission 2011 \u00bb<\/a><\/p>\n<h3>Id\u00e9es de sujets<\/h3>\n<p>Voici une\u00a0liste\u00a0de\u00a0sujets\u00a0que nous\u00a0aimerions\u00a0voir\u00a0\u00e0 WordCamp.\u00a0Ce ne sont que\u00a0des exemples!<\/p>\n<h4>Usager\/Blogueur<\/h4>\n<ul>\n<li>Trouver\u00a0les\u00a0th\u00e8mes\u00a0\/\u00a0plugins parfait\u00a0pour un\u00a0site\u00a0WordPress.<\/li>\n<li>HTML pour bloggeurs<\/li>\n<li>Utilisation des &#8220;child themes&#8221;<\/li>\n<li>Nouvelles fonctionnalit\u00e9s dans\u00a0WordPress 3.1<\/li>\n<li>Attirer\u00a0des lecteurs<\/li>\n<li>\u00c9crire pour le web<\/li>\n<li>\u00c9tudes\u00a0de cas<\/li>\n<\/ul>\n<h4>Designer\/D\u00e9veloppeurs<\/h4>\n<ul>\n<li>Cr\u00e9ation de sites bilingues pour WordPress.<\/li>\n<li>Conseils pour le design de sites WordPress.<\/li>\n<li>Trucs CSS pour WordPress.<\/li>\n<li>\u00c9dition de themes et utilisation de &#8220;template tags&#8221;.<\/li>\n<li>Creation de plugins (introduction ou en d\u00e9tail).<\/li>\n<li>Publication et\/ou vente de themes.<\/li>\n<li>Les implications de la licence GPL ou le Logiciel Libre\u00a0pour les th\u00e8mes et plugins WordPress.<\/li>\n<li>Introduction \u00e0 apache et \u00e0 l&#8217;optimisation mysql.<\/li>\n<\/ul>\n<p><a class=\"orangebutton\" title=\"Speaker signup form on google docs\" href=\"https:\/\/spreadsheets0.google.com\/viewform?hl=en&amp;hl=en&amp;formkey=dDNlczVmWXNwZnVNdmlQbDZyUHRLcEE6MQ#gid=0\">Voir le formulaire de soumission 2011 \u00bb<\/a><\/p>\n","protected":false},"excerpt":{"rendered":"<p>Chaque ann\u00e9e,\u00a0WordCamp\u00a0Montr\u00e9al\u00a0s&#8217;efforce\u00a0d&#8217;offrir\u00a0un large \u00e9ventail de\u00a0conf\u00e9rences et\u00a0discussions\u00a0sur\u00a0WordPress.\u00a0Nous recherchons des\u00a0personnes\u00a0qui\u00a0sont passionn\u00e9es par\u00a0WordPress\u00a0pour divertir\u00a0nos\u00a0visiteurs\u00a0et\u00a0leur apprendre\u00a0de nouvelles choses. Date limite Toute soumission doit \u00eatre re\u00e7u vendredi le 13 mai, au plus tard. Pourquoi parler? Pr\u00e9senter\u00a0\u00e0\u00a0WordCamp\u00a0requiert un certain effort, mais\u00a0c&#8217;est tr\u00e8s\u00a0gratifiant.\u00a0\u00c7a vous permet de d\u00e9montrer &hellip; <a href=\"https:\/\/montreal.wordcamp.org\/2011-fr\/programme\/devenir-conferencier\/\">Continue reading <span class=\"screen-reader-text\">Devenir Conf\u00e9rencier<\/span>  <span class=\"meta-nav\">&rarr;<\/span><\/a><\/p>\n","protected":false},"author":221745,"featured_media":0,"parent":55,"menu_order":3,"comment_status":"closed","ping_status":"closed","template":"","meta":{"_crdt_document":"","jetpack_post_was_ever_published":false,"footnotes":""},"class_list":["post-16","page","type-page","status-publish","hentry"],"jetpack_shortlink":"https:\/\/wp.me\/P1vvvL-g","jetpack_sharing_enabled":true,"_links":{"self":[{"href":"https:\/\/montreal.wordcamp.org\/2011-fr\/wp-json\/wp\/v2\/pages\/16","targetHints":{"allow":["GET"]}}],"collection":[{"href":"https:\/\/montreal.wordcamp.org\/2011-fr\/wp-json\/wp\/v2\/pages"}],"about":[{"href":"https:\/\/montreal.wordcamp.org\/2011-fr\/wp-json\/wp\/v2\/types\/page"}],"author":[{"embeddable":true,"href":"https:\/\/montreal.wordcamp.org\/2011-fr\/wp-json\/wp\/v2\/users\/221745"}],"replies":[{"embeddable":true,"href":"https:\/\/montreal.wordcamp.org\/2011-fr\/wp-json\/wp\/v2\/comments?post=16"}],"version-history":[{"count":32,"href":"https:\/\/montreal.wordcamp.org\/2011-fr\/wp-json\/wp\/v2\/pages\/16\/revisions"}],"predecessor-version":[{"id":512,"href":"https:\/\/montreal.wordcamp.org\/2011-fr\/wp-json\/wp\/v2\/pages\/16\/revisions\/512"}],"up":[{"embeddable":true,"href":"https:\/\/montreal.wordcamp.org\/2011-fr\/wp-json\/wp\/v2\/pages\/55"}],"wp:attachment":[{"href":"https:\/\/montreal.wordcamp.org\/2011-fr\/wp-json\/wp\/v2\/media?parent=16"}],"curies":[{"name":"wp","href":"https:\/\/api.w.org\/{rel}","templated":true}]}}