{"id":197,"date":"2013-05-02T23:37:21","date_gmt":"2013-05-03T03:37:21","guid":{"rendered":"https:\/\/2013-fr.montreal.wordcamp.org\/?page_id=197"},"modified":"2013-06-19T11:13:29","modified_gmt":"2013-06-19T15:13:29","slug":"programme","status":"publish","type":"page","link":"https:\/\/montreal.wordcamp.org\/2013-fr\/programme\/","title":{"rendered":"Programme"},"content":{"rendered":"<p>Chaque ann\u00e9e, WordCamp Montr\u00e9al s\u2019efforce d\u2019offrir un large \u00e9ventail de conf\u00e9rences et de discussions sur WordPress. Nous recherchons des personnes qui sont passionn\u00e9es par WordPress pour divertir nos visiteurs et leur apprendre de nouvelles choses. Voir la liste de conf\u00e9renciers confirm\u00e9s.<\/p>\n<p>Nous avons ajouter une troisi\u00e8me piste de conf\u00e9rences cette ann\u00e9e, mais votre soutien est alors encore plus important. <a title=\"Aidez-nous \u00e0 ajouter une troisi\u00e8me piste!\" href=\"https:\/\/2013-fr.montreal.wordcamp.org\/2013\/05\/13\/aidez-nous-a-ajouter-une-troisieme-piste\/\">En savoir plus<\/a>.<\/p>\n<p><strong><a class=\"blue-btn\" title=\"Talks\" href=\"https:\/\/2013-fr.montreal.wordcamp.org\/programme\/conferences\/\">Voir la liste de conf\u00e9rences\u00a0\u00bb<\/a><\/strong><\/p>\n<p><strong><a class=\"blue-btn\" title=\"Talks\" href=\"https:\/\/2013-fr.montreal.wordcamp.org\/programme\/conferenciers\/\">Voir la liste de conf\u00e9renciers\u00a0\u00bb<\/a><\/strong><\/p>\n<h3>Le programme provisoire<\/h3>\n<p><strong>Ce programme n\u2019est que provisoire et demeure sujet \u00e0 changement. Veuillez confirmer les d\u00e9tails le jour de l\u2019\u00e9v\u00e9nement.\u00a0<\/strong><\/p>\n<p>Vous pouvez vous inscrire \u00e0 notre <a title=\"WCMTL google calendar weekly view\" href=\"https:\/\/www.google.com\/calendar\/embed?src=4ugfd9q3m23rsffbuo8glsa2os%40group.calendar.google.com&amp;ctz=America\/New_York&amp;mode=week\"> calendrier Google<\/a> pour en avoir acc\u00e8s dans votre calendrier personnel pr\u00e9f\u00e9r\u00e9 et pour recevoir des mises \u00e0 jour en temps r\u00e9el.<\/p>\n<div style=\"text-align: center\"><a title=\"Subscribe to our schedule, you must be logged into a google account\" href=\"https:\/\/www.google.com\/calendar\/render?cid=4ugfd9q3m23rsffbuo8glsa2os%40group.calendar.google.com\"><img decoding=\"async\" class=\"size-full wp-image-1206\" alt=\"Subscribe to WordCamp Montreal on Google Calendar\" src=\"http:\/\/2011.montreal.wordcamp.org\/files\/2011\/03\/gcal-subscribe-182.png\" \/><\/a> <a href=\"https:\/\/www.google.com\/calendar\/ical\/4ugfd9q3m23rsffbuo8glsa2os%40group.calendar.google.com\/public\/basic.ics\"><img decoding=\"async\" class=\"size-full wp-image-1207\" alt=\"Subscribe with iCal\" src=\"http:\/\/2011.montreal.wordcamp.org\/files\/2011\/03\/ical-subscribe-182.png\" \/><\/a> <a href=\"https:\/\/www.google.com\/calendar\/feeds\/4ugfd9q3m23rsffbuo8glsa2os%40group.calendar.google.com\/public\/basic\"><img loading=\"lazy\" decoding=\"async\" class=\"size-full wp-image-1208\" alt=\"Subscribe with XML\" src=\"http:\/\/2011.montreal.wordcamp.org\/files\/2011\/03\/xml-subscribe-182.png\" width=\"182\" height=\"50\" \/><\/a><\/div>\n<p>T\u00e9l\u00e9charger <a href=\"https:\/\/2013-fr.montreal.wordcamp.org\/files\/2013\/06\/wcmtl2013-schedule-june18.pdf\">le Programme provisoire de WordCamp Montr\u00e9al 2013 (mis \u00e0 jour le 18 juin)<\/a> comme PDF.<\/p>\n<div id=\"attachment_717\" style=\"width: 650px\" class=\"wp-caption alignleft\"><a href=\"https:\/\/2013-fr.montreal.wordcamp.org\/files\/2013\/06\/wcmtl2013-sat-june18.png\"><img loading=\"lazy\" decoding=\"async\" aria-describedby=\"caption-attachment-717\" src=\"https:\/\/2013-fr.montreal.wordcamp.org\/files\/2013\/06\/wcmtl2013-sat-june18-791x1024.png\" alt=\"Programme provisoire de samedi: WordCamp Montr\u00e9al 2013. Mis \u00e0 jour le 18 juin.\" width=\"640\" height=\"828\" class=\"size-large wp-image-717\" srcset=\"https:\/\/montreal.wordcamp.org\/2013-fr\/files\/2013\/06\/wcmtl2013-sat-june18-791x1024.png 791w, https:\/\/montreal.wordcamp.org\/2013-fr\/files\/2013\/06\/wcmtl2013-sat-june18-231x300.png 231w, https:\/\/montreal.wordcamp.org\/2013-fr\/files\/2013\/06\/wcmtl2013-sat-june18.png 1275w\" sizes=\"auto, (max-width: 640px) 100vw, 640px\" \/><\/a><p id=\"caption-attachment-717\" class=\"wp-caption-text\">Programme provisoire de samedi: WordCamp Montr\u00e9al 2013. Mis \u00e0 jour le 18 juin.<\/p><\/div>\n<div id=\"attachment_719\" style=\"width: 650px\" class=\"wp-caption alignleft\"><a href=\"https:\/\/2013-fr.montreal.wordcamp.org\/files\/2013\/06\/wcmtl2013-sun-june18.png\"><img loading=\"lazy\" decoding=\"async\" aria-describedby=\"caption-attachment-719\" src=\"https:\/\/2013-fr.montreal.wordcamp.org\/files\/2013\/06\/wcmtl2013-sun-june18-791x1024.png\" alt=\"Programme provisoire de dimanche, lundi et mardi : WordCamp Montr\u00e9al 2013. Mis \u00e0 jour le 18 juin.\" width=\"640\" height=\"828\" class=\"size-large wp-image-719\" srcset=\"https:\/\/montreal.wordcamp.org\/2013-fr\/files\/2013\/06\/wcmtl2013-sun-june18-791x1024.png 791w, https:\/\/montreal.wordcamp.org\/2013-fr\/files\/2013\/06\/wcmtl2013-sun-june18-231x300.png 231w, https:\/\/montreal.wordcamp.org\/2013-fr\/files\/2013\/06\/wcmtl2013-sun-june18.png 1275w\" sizes=\"auto, (max-width: 640px) 100vw, 640px\" \/><\/a><p id=\"caption-attachment-719\" class=\"wp-caption-text\">Programme provisoire de dimanche, lundi et mardi : WordCamp Montr\u00e9al 2013. Mis \u00e0 jour le 18 juin.<\/p><\/div>\n<h3>\u00c0 propos des pr\u00e9sentations<\/h3>\n<p>L\u2019\u00e9v\u00e9nement est organis\u00e9 pour qu\u2019il y ait trois salles avec conf\u00e9renciers en tout temps. Notre but est de s\u2019assurer que chaque utilisateur WordPress, qu\u2019il soit un programmeur exp\u00e9riment\u00e9 ou un blogueur d\u00e9butant, ait au moins une conf\u00e9rence qui puisse l\u2019int\u00e9resser. Chaque pr\u00e9sentation ne sera pas n\u00e9cessairement utile pour chaque utilisateur, mais nous sommes convaincus que tous quitteront WordCamp avec beaucoup d\u2019informations nouvelles et des id\u00e9es sur comment tirer le maximum de WordPress.<\/p>\n<p>Les pr\u00e9sentations durent <strong>45 minutes<\/strong>, y compris le temps r\u00e9serv\u00e9 aux questions avec 15 minutes par la suite pour changer de salle au besoin.<\/p>\n","protected":false},"excerpt":{"rendered":"<p>Chaque ann\u00e9e, WordCamp Montr\u00e9al s\u2019efforce d\u2019offrir un large \u00e9ventail de conf\u00e9rences et de discussions sur WordPress. Nous recherchons des personnes qui sont passionn\u00e9es par WordPress pour divertir nos visiteurs et leur apprendre de nouvelles choses. Voir la liste de conf\u00e9renciers &hellip; <a href=\"https:\/\/montreal.wordcamp.org\/2013-fr\/programme\/\">Continuer la lecture <span class=\"screen-reader-text\">Programme<\/span>  <span class=\"meta-nav\">&rarr;<\/span><\/a><\/p>\n","protected":false},"author":4229527,"featured_media":0,"parent":0,"menu_order":4,"comment_status":"closed","ping_status":"closed","template":"","meta":{"jetpack_post_was_ever_published":false,"footnotes":""},"class_list":["post-197","page","type-page","status-publish","hentry"],"jetpack_sharing_enabled":true,"jetpack_shortlink":"https:\/\/wp.me\/P3ejmN-3b","_links":{"self":[{"href":"https:\/\/montreal.wordcamp.org\/2013-fr\/wp-json\/wp\/v2\/pages\/197","targetHints":{"allow":["GET"]}}],"collection":[{"href":"https:\/\/montreal.wordcamp.org\/2013-fr\/wp-json\/wp\/v2\/pages"}],"about":[{"href":"https:\/\/montreal.wordcamp.org\/2013-fr\/wp-json\/wp\/v2\/types\/page"}],"author":[{"embeddable":true,"href":"https:\/\/montreal.wordcamp.org\/2013-fr\/wp-json\/wp\/v2\/users\/4229527"}],"replies":[{"embeddable":true,"href":"https:\/\/montreal.wordcamp.org\/2013-fr\/wp-json\/wp\/v2\/comments?post=197"}],"version-history":[{"count":19,"href":"https:\/\/montreal.wordcamp.org\/2013-fr\/wp-json\/wp\/v2\/pages\/197\/revisions"}],"predecessor-version":[{"id":721,"href":"https:\/\/montreal.wordcamp.org\/2013-fr\/wp-json\/wp\/v2\/pages\/197\/revisions\/721"}],"wp:attachment":[{"href":"https:\/\/montreal.wordcamp.org\/2013-fr\/wp-json\/wp\/v2\/media?parent=197"}],"curies":[{"name":"wp","href":"https:\/\/api.w.org\/{rel}","templated":true}]}}