{"id":178,"date":"2013-04-03T06:07:22","date_gmt":"2013-04-03T10:07:22","guid":{"rendered":"https:\/\/2013.montreal.wordcamp.org\/?page_id=178"},"modified":"2013-04-11T02:47:36","modified_gmt":"2013-04-11T06:47:36","slug":"sponsors","status":"publish","type":"page","link":"https:\/\/montreal.wordcamp.org\/2013\/sponsors\/","title":{"rendered":"Sponsors"},"content":{"rendered":"\n\t\t<div class=\"sponsors\">\n\t\t\t\t\t\t\t\t\t\t\t\n\t\t\t\t<div class=\"sponsor-level wordcamp-pillar\">\n\t\t\t\t\t<h2 class=\"sponsor-level-title\">\n\t\t\t\t\t\tWordCamp Pillar\t\t\t\t\t<\/h2>\n\n\t\t\t\t\t\n\t\t\t\t\t<div id=\"post-175\" class=\"sponsor post-175 wcb_sponsor type-wcb_sponsor status-publish has-post-thumbnail hentry wcb_sponsor_level-wordcamp-pillar\" >\n\t\t\t\t\t\t<h3 class=\"entry-title sponsor-title\">\n\t\t\t\t\t\t\t<a href=\"https:\/\/montreal.wordcamp.org\/2013\/sponsor\/bluehost\/\">\n\t\t\t\t\t\t\t\t<img loading=\"lazy\" decoding=\"async\" width=\"200\" height=\"60\" src=\"https:\/\/montreal.wordcamp.org\/2013\/files\/2013\/04\/sponsor-bluehost1.png\" class=\"attachment-post-thumbnail size-post-thumbnail wp-post-image\" alt=\"\" \/>\t\t\t\t\t\t\t<\/a>\n\t\t\t\t\t\t<\/h3>\n\n\t\t\t\t\t\t<div class=\"entry-content sponsor-description\">\n\t\t\t\t\t\t\t<p>Bluehost has been providing quality web hosting solutions to businesses and individuals since 1996. Their goal is to provide outstanding services for the best possible price. To achieve these goals they&#8217;re constantly innovating and upgrading their services at no additional cost to their customers. Join the millions of other website owners that have already chosen Bluehost and see how they can help you with your site.<br \/>\n<a href=\"http:\/\/www.bluehost.com\" rel=\"nofollow\">http:\/\/www.bluehost.com<\/a><\/p>\n\t\t\t\t\t\t<\/div>\n\t\t\t\t\t<\/div>\n\n\t\t\t\t\t\n\t\t\t\t<\/div>\n\t\t\t\t\t\t\t\n\t\t\t\t<div class=\"sponsor-level silver\">\n\t\t\t\t\t<h2 class=\"sponsor-level-title\">\n\t\t\t\t\t\tSilver\t\t\t\t\t<\/h2>\n\n\t\t\t\t\t\n\t\t\t\t\t<div id=\"post-360\" class=\"sponsor post-360 wcb_sponsor type-wcb_sponsor status-publish has-post-thumbnail hentry wcb_sponsor_level-silver\" >\n\t\t\t\t\t\t<h3 class=\"entry-title sponsor-title\">\n\t\t\t\t\t\t\t<a href=\"https:\/\/montreal.wordcamp.org\/2013\/sponsor\/easypress\/\">\n\t\t\t\t\t\t\t\t<img loading=\"lazy\" decoding=\"async\" width=\"200\" height=\"84\" src=\"https:\/\/montreal.wordcamp.org\/2013\/files\/2013\/04\/sponsor-easyPress2.png\" class=\"attachment-post-thumbnail size-post-thumbnail wp-post-image\" alt=\"\" \/>\t\t\t\t\t\t\t<\/a>\n\t\t\t\t\t\t<\/h3>\n\n\t\t\t\t\t\t<div class=\"entry-content sponsor-description\">\n\t\t\t\t\t\t\t<p>The hardest and most tedious part of your website is the technical part of making it run blazing fast, keeping it secure, up to date and reliably running.<\/p>\n<p>Managed WordPress hosting from easyPress frees you of these responsibilities, giving you precious time to focus on what&#8217;s most important to you: your site&#8217;s content, design and functionality.<br \/>\n<a href=\"http:\/\/www.easypress.ca\" rel=\"nofollow\">http:\/\/www.easypress.ca<\/a><\/p>\n\t\t\t\t\t\t<\/div>\n\t\t\t\t\t<\/div>\n\n\t\t\t\t\t\n\t\t\t\t<\/div>\n\t\t\t\t\t\t\t\n\t\t\t\t<div class=\"sponsor-level wordcamp-champion\">\n\t\t\t\t\t<h2 class=\"sponsor-level-title\">\n\t\t\t\t\t\tWordCamp Champion\t\t\t\t\t<\/h2>\n\n\t\t\t\t\t\n\t\t\t\t\t<div id=\"post-624\" class=\"sponsor post-624 wcb_sponsor type-wcb_sponsor status-publish has-post-thumbnail hentry wcb_sponsor_level-wordcamp-champion\" >\n\t\t\t\t\t\t<h3 class=\"entry-title sponsor-title\">\n\t\t\t\t\t\t\t<a href=\"https:\/\/montreal.wordcamp.org\/2013\/sponsor\/dreamhost\/\">\n\t\t\t\t\t\t\t\t<img loading=\"lazy\" decoding=\"async\" width=\"200\" height=\"60\" src=\"https:\/\/montreal.wordcamp.org\/2013\/files\/2013\/05\/sponsor-dreamhost.png\" class=\"attachment-post-thumbnail size-post-thumbnail wp-post-image\" alt=\"DreamHost\" \/>\t\t\t\t\t\t\t<\/a>\n\t\t\t\t\t\t<\/h3>\n\n\t\t\t\t\t\t<div class=\"entry-content sponsor-description\">\n\t\t\t\t\t\t\t<p>DreamHost is a global Web hosting and cloud services provider with over 350,000 customers and 1.2 million blogs, websites and apps hosted. The company offers a wide spectrum of Web hosting and cloud services including Shared Hosting, Virtual Private Servers (VPS), Dedicated Server Hosting, Domain Name Registration, the cloud storage service, DreamObjects, and the cloud computing service DreamCompute. Please visit <a href=\"http:\/\/dreamhost.com\" rel=\"nofollow\">http:\/\/DreamHost.com<\/a> for more information.<\/p>\n\t\t\t\t\t\t<\/div>\n\t\t\t\t\t<\/div>\n\n\t\t\t\t\t\n\t\t\t\t<\/div>\n\t\t\t\t\t\t\t\n\t\t\t\t<div class=\"sponsor-level bronze\">\n\t\t\t\t\t<h2 class=\"sponsor-level-title\">\n\t\t\t\t\t\tBronze\t\t\t\t\t<\/h2>\n\n\t\t\t\t\t\n\t\t\t\t\t<div id=\"post-321\" class=\"sponsor post-321 wcb_sponsor type-wcb_sponsor status-publish has-post-thumbnail hentry wcb_sponsor_level-bronze\" >\n\t\t\t\t\t\t<h3 class=\"entry-title sponsor-title\">\n\t\t\t\t\t\t\t<a href=\"https:\/\/montreal.wordcamp.org\/2013\/sponsor\/alley-interactive\/\">\n\t\t\t\t\t\t\t\t<img loading=\"lazy\" decoding=\"async\" width=\"200\" height=\"60\" src=\"https:\/\/montreal.wordcamp.org\/2013\/files\/2013\/04\/sponsor-alley-interactive.png\" class=\"attachment-post-thumbnail size-post-thumbnail wp-post-image\" alt=\"\" \/>\t\t\t\t\t\t\t<\/a>\n\t\t\t\t\t\t<\/h3>\n\n\t\t\t\t\t\t<div class=\"entry-content sponsor-description\">\n\t\t\t\t\t\t\t<p>Alley Interactive provides holistic, intelligent, experience-based guidance and web development to content-driven organizations, including news media, entertainment, and higher education. We consult on the full scope of the software development lifecycle, from initial analysis, architecture, and development, to testing, launch and ongoing site operations. We are WordPress experts, and proud to be charter members of the WordPress VIP Featured Partners program.<br \/>\n<a href=\"http:\/\/www.alleyinteractive.com\" rel=\"nofollow\">http:\/\/www.alleyinteractive.com<\/a><\/p>\n\t\t\t\t\t\t<\/div>\n\t\t\t\t\t<\/div>\n\n\t\t\t\t\t\n\t\t\t\t\t<div id=\"post-355\" class=\"sponsor post-355 wcb_sponsor type-wcb_sponsor status-publish has-post-thumbnail hentry wcb_sponsor_level-bronze\" >\n\t\t\t\t\t\t<h3 class=\"entry-title sponsor-title\">\n\t\t\t\t\t\t\t<a href=\"https:\/\/montreal.wordcamp.org\/2013\/sponsor\/code-poet\/\">\n\t\t\t\t\t\t\t\t<img loading=\"lazy\" decoding=\"async\" width=\"200\" height=\"60\" src=\"https:\/\/montreal.wordcamp.org\/2013\/files\/2013\/04\/sponsor-codepoet.png\" class=\"attachment-post-thumbnail size-post-thumbnail wp-post-image\" alt=\"Code Poet\" \/>\t\t\t\t\t\t\t<\/a>\n\t\t\t\t\t\t<\/h3>\n\n\t\t\t\t\t\t<div class=\"entry-content sponsor-description\">\n\t\t\t\t\t\t\t<p>Do you make things with WordPress?<br \/>\nBe the first to know about books, interviews, resources, Code Poet-only sneak previews, and more. Code Poet is a resource for anyone building sites with WordPress.<br \/>\n<a href=\"http:\/\/build.codepoet.com\" rel=\"nofollow\">http:\/\/build.codepoet.com<\/a><\/p>\n\t\t\t\t\t\t<\/div>\n\t\t\t\t\t<\/div>\n\n\t\t\t\t\t\n\t\t\t\t<\/div>\n\t\t\t\t\t\t\t\n\t\t\t\t<div class=\"sponsor-level aluminum\">\n\t\t\t\t\t<h2 class=\"sponsor-level-title\">\n\t\t\t\t\t\tAluminum\t\t\t\t\t<\/h2>\n\n\t\t\t\t\t\n\t\t\t\t\t<div id=\"post-357\" class=\"sponsor post-357 wcb_sponsor type-wcb_sponsor status-publish has-post-thumbnail hentry wcb_sponsor_level-aluminum\" >\n\t\t\t\t\t\t<h3 class=\"entry-title sponsor-title\">\n\t\t\t\t\t\t\t<a href=\"https:\/\/montreal.wordcamp.org\/2013\/sponsor\/onthego-systems\/\">\n\t\t\t\t\t\t\t\t<img loading=\"lazy\" decoding=\"async\" width=\"200\" height=\"60\" src=\"https:\/\/montreal.wordcamp.org\/2013\/files\/2013\/04\/sponsor-wpml.png\" class=\"attachment-post-thumbnail size-post-thumbnail wp-post-image\" alt=\"\" \/>\t\t\t\t\t\t\t<\/a>\n\t\t\t\t\t\t<\/h3>\n\n\t\t\t\t\t\t<div class=\"entry-content sponsor-description\">\n\t\t\t\t\t\t\t<p>OnTheGo Systems is the maker of WordPress Multilingual (WPML), the industry standard plugin for building and managing multilingual WordPress sites\u00a0and blogs.<br \/>\nWPML is installed in over 130,000 WordPress sites and blogs.<\/p>\n<p>We are also the makers of Toolset, a plugins package that lets you build entire sites from within the WordPress admin without any PHP.<\/p>\n<p>Almost everyone who buys from us builds websites for clients. This may be a tiny one-man show or a major web development shop. Our products are\u00a0designed for web developers. Usability, documentation and support are part of the deal. Our products come with the help and support that you need to\u00a0serve your clients and meet your deadlines.<br \/>\n<a href=\"http:\/\/wpml.org\/\" rel=\"nofollow\">http:\/\/wpml.org\/<\/a><\/p>\n\t\t\t\t\t\t<\/div>\n\t\t\t\t\t<\/div>\n\n\t\t\t\t\t\n\t\t\t\t\t<div id=\"post-399\" class=\"sponsor post-399 wcb_sponsor type-wcb_sponsor status-publish has-post-thumbnail hentry wcb_sponsor_level-aluminum\" >\n\t\t\t\t\t\t<h3 class=\"entry-title sponsor-title\">\n\t\t\t\t\t\t\t<a href=\"https:\/\/montreal.wordcamp.org\/2013\/sponsor\/plank\/\">\n\t\t\t\t\t\t\t\t<img loading=\"lazy\" decoding=\"async\" width=\"200\" height=\"60\" src=\"https:\/\/montreal.wordcamp.org\/2013\/files\/2013\/04\/sponsor-plank2.png\" class=\"attachment-post-thumbnail size-post-thumbnail wp-post-image\" alt=\"\" \/>\t\t\t\t\t\t\t<\/a>\n\t\t\t\t\t\t<\/h3>\n\n\t\t\t\t\t\t<div class=\"entry-content sponsor-description\">\n\t\t\t\t\t\t\t<p>Plank is a digital agency that specializes in developing exceptional experiences. From websites, mobile applications and social media campaigns, we offer tailored solutions for a variety of creative and high profile clients.<\/p>\n<p>At Plank, we take pride in the success of three core parts of our work: award-winning design, seamless technical development, and a team of people who will make the process easy and enjoyable for you.<\/p>\n<p>In addition to these core competencies, we are experts in digital marketing, strategy and analysis, branding, and other services related to web, mobile, and social media development.<\/p>\n<p>If clients such as Michael Moore, AOL Time- Warner, CBC, the National Film Board, Yellow Pages Group, BMS Canada, and the Fantasia Film Festival were happy to work with us, we can say with confidence that we know you will too.<br \/>\n<a href=\"http:\/\/www.plankdesign.com\" rel=\"nofollow\">http:\/\/www.plankdesign.com<\/a><\/p>\n\t\t\t\t\t\t<\/div>\n\t\t\t\t\t<\/div>\n\n\t\t\t\t\t\n\t\t\t\t\t<div id=\"post-670\" class=\"sponsor post-670 wcb_sponsor type-wcb_sponsor status-publish has-post-thumbnail hentry wcb_sponsor_level-aluminum\" >\n\t\t\t\t\t\t<h3 class=\"entry-title sponsor-title\">\n\t\t\t\t\t\t\t<a href=\"https:\/\/montreal.wordcamp.org\/2013\/sponsor\/la-fabrique-de-blogs-specialistes-wordpress\/\">\n\t\t\t\t\t\t\t\t<img loading=\"lazy\" decoding=\"async\" width=\"200\" height=\"60\" src=\"https:\/\/montreal.wordcamp.org\/2013\/files\/2013\/05\/fabrique-de-blogs2.png\" class=\"attachment-post-thumbnail size-post-thumbnail wp-post-image\" alt=\"La Fabrique de blogs\" \/>\t\t\t\t\t\t\t<\/a>\n\t\t\t\t\t\t<\/h3>\n\n\t\t\t\t\t\t<div class=\"entry-content sponsor-description\">\n\t\t\t\t\t\t\t<p>Sp\u00e9cialistes WordPress, cr\u00e9ation de sites, blogs, intranets et r\u00e9seaux sociaux sur mesure, design, formation, s\u00e9curit\u00e9, performance, h\u00e9bergement. Montr\u00e9al-Lille<br \/>\n<a href=\"http:\/\/www.lafabriquedeblogs.com\/\" rel=\"nofollow\">http:\/\/www.lafabriquedeblogs.com\/<\/a><\/p>\n\t\t\t\t\t\t<\/div>\n\t\t\t\t\t<\/div>\n\n\t\t\t\t\t\n\t\t\t\t\t<div id=\"post-1012\" class=\"sponsor post-1012 wcb_sponsor type-wcb_sponsor status-publish has-post-thumbnail hentry wcb_sponsor_level-aluminum\" >\n\t\t\t\t\t\t<h3 class=\"entry-title sponsor-title\">\n\t\t\t\t\t\t\t<a href=\"https:\/\/montreal.wordcamp.org\/2013\/sponsor\/woothemes\/\">\n\t\t\t\t\t\t\t\t<img loading=\"lazy\" decoding=\"async\" width=\"200\" height=\"60\" src=\"https:\/\/montreal.wordcamp.org\/2013\/files\/2013\/05\/sponsor-woothemes.png\" class=\"attachment-post-thumbnail size-post-thumbnail wp-post-image\" alt=\"WooThemes\" \/>\t\t\t\t\t\t\t<\/a>\n\t\t\t\t\t\t<\/h3>\n\n\t\t\t\t\t\t<div class=\"entry-content sponsor-description\">\n\t\t\t\t\t\t\t<p>WooThemes is an international, market leading, bootstrapped business providing a platform to extend standard WordPress-powered websites via a range of innovative themes and plugins. With WooThemes businesses and individuals can get professional WordPress sites launched quickly and affordably.<br \/>\n<a href=\"http:\/\/www.woothemes.com\/?utm_source=wcmontreal2013&amp;utm_medium=banner&amp;utm_campaign=WordCamp+Montreal+Sponsorship\" rel=\"nofollow\">www.woothemes.com<\/a><\/p>\n\t\t\t\t\t\t<\/div>\n\t\t\t\t\t<\/div>\n\n\t\t\t\t\t\n\t\t\t\t\t<div id=\"post-1119\" class=\"sponsor post-1119 wcb_sponsor type-wcb_sponsor status-publish has-post-thumbnail hentry wcb_sponsor_level-aluminum\" >\n\t\t\t\t\t\t<h3 class=\"entry-title sponsor-title\">\n\t\t\t\t\t\t\t<a href=\"https:\/\/montreal.wordcamp.org\/2013\/sponsor\/w3quebec\/\">\n\t\t\t\t\t\t\t\t<img loading=\"lazy\" decoding=\"async\" width=\"200\" height=\"60\" src=\"https:\/\/montreal.wordcamp.org\/2013\/files\/2013\/05\/sponsor-w3quebec.png\" class=\"attachment-post-thumbnail size-post-thumbnail wp-post-image\" alt=\"W3Qu\u00e9bec\" \/>\t\t\t\t\t\t\t<\/a>\n\t\t\t\t\t\t<\/h3>\n\n\t\t\t\t\t\t<div class=\"entry-content sponsor-description\">\n\t\t\t\t\t\t\t<p>Le W3Qu\u00e9bec est n\u00e9 d&#8217;une volont\u00e9 de rehausser la qualit\u00e9 du Web et du multim\u00e9dia au Qu\u00e9bec pour qu&#8217;ils deviennent des outils de communication accessibles \u00e0 tous. \u00c0 cet effet, le W3Qu\u00e9bec entend mettre en lumi\u00e8re les enjeux strat\u00e9giques, technologiques, \u00e9conomiques et sociopolitiques li\u00e9s \u00e0 leur utilisation et faire conna\u00eetre la valeur ajout\u00e9e des normes, standards et bonnes pratiques \u00e0 tous les d\u00e9cideurs, acteurs et professionnels du milieu.<\/p>\n<p>La volont\u00e9 du W3Qu\u00e9bec est de promouvoir les normes, standards ouverts et bonnes pratiques du Web et du multim\u00e9dia au Qu\u00e9bec.<br \/>\n<a href=\"http:\/\/www.w3qc.org\/\" rel=\"nofollow\">http:\/\/www.w3qc.org\/<\/a><\/p>\n\t\t\t\t\t\t<\/div>\n\t\t\t\t\t<\/div>\n\n\t\t\t\t\t\n\t\t\t\t\t<div id=\"post-1238\" class=\"sponsor post-1238 wcb_sponsor type-wcb_sponsor status-publish has-post-thumbnail hentry wcb_sponsor_level-aluminum\" >\n\t\t\t\t\t\t<h3 class=\"entry-title sponsor-title\">\n\t\t\t\t\t\t\t<a href=\"https:\/\/montreal.wordcamp.org\/2013\/sponsor\/brendan-brendan\/\">\n\t\t\t\t\t\t\t\t<img loading=\"lazy\" decoding=\"async\" width=\"200\" height=\"60\" src=\"https:\/\/montreal.wordcamp.org\/2013\/files\/2013\/05\/sponsor-brendans-2.png\" class=\"attachment-post-thumbnail size-post-thumbnail wp-post-image\" alt=\"Brendan &amp; Brendan\" \/>\t\t\t\t\t\t\t<\/a>\n\t\t\t\t\t\t<\/h3>\n\n\t\t\t\t\t\t<div class=\"entry-content sponsor-description\">\n\t\t\t\t\t\t\t<p>Our goal is not to replace the marketing department, but to deliver the essentials for your success. From killer copy and design to high conversion landing pages and ingenious social campaigns, we help companies drive sustainable customer engagement and acquisition strategies from the ground up.<br \/>\n<a href=\"http:\/\/thebrendans.com\" rel=\"nofollow\">http:\/\/thebrendans.com<\/a><\/p>\n\t\t\t\t\t\t<\/div>\n\t\t\t\t\t<\/div>\n\n\t\t\t\t\t\n\t\t\t\t\t<div id=\"post-1329\" class=\"sponsor post-1329 wcb_sponsor type-wcb_sponsor status-publish has-post-thumbnail hentry wcb_sponsor_level-aluminum\" >\n\t\t\t\t\t\t<h3 class=\"entry-title sponsor-title\">\n\t\t\t\t\t\t\t<a href=\"https:\/\/montreal.wordcamp.org\/2013\/sponsor\/happybox\/\">\n\t\t\t\t\t\t\t\t<img loading=\"lazy\" decoding=\"async\" width=\"200\" height=\"60\" src=\"https:\/\/montreal.wordcamp.org\/2013\/files\/2013\/05\/sponsor-happybox1.png\" class=\"attachment-post-thumbnail size-post-thumbnail wp-post-image\" alt=\"HappyBox\" \/>\t\t\t\t\t\t\t<\/a>\n\t\t\t\t\t\t<\/h3>\n\n\t\t\t\t\t\t<div class=\"entry-content sponsor-description\">\n\t\t\t\t\t\t\t<p>HappyBox is a fully responsive cloud based microsite engine. With HappyBox you can instantly create stunning pages in a live preview, drag and drop environment.<br \/>\n<a href=\"http:\/\/happyboxcms.com\" rel=\"nofollow\">http:\/\/happyboxcms.com<\/a><\/p>\n\t\t\t\t\t\t<\/div>\n\t\t\t\t\t<\/div>\n\n\t\t\t\t\t\n\t\t\t\t\t<div id=\"post-1331\" class=\"sponsor post-1331 wcb_sponsor type-wcb_sponsor status-publish has-post-thumbnail hentry wcb_sponsor_level-aluminum\" >\n\t\t\t\t\t\t<h3 class=\"entry-title sponsor-title\">\n\t\t\t\t\t\t\t<a href=\"https:\/\/montreal.wordcamp.org\/2013\/sponsor\/pressbooks\/\">\n\t\t\t\t\t\t\t\t<img loading=\"lazy\" decoding=\"async\" width=\"200\" height=\"60\" src=\"https:\/\/montreal.wordcamp.org\/2013\/files\/2013\/05\/sponsor-pressbooks1.png\" class=\"attachment-post-thumbnail size-post-thumbnail wp-post-image\" alt=\"PressBooks\" \/>\t\t\t\t\t\t\t<\/a>\n\t\t\t\t\t\t<\/h3>\n\n\t\t\t\t\t\t<div class=\"entry-content sponsor-description\">\n\t\t\t\t\t\t\t<p>PressBooks is a book production tool built on top of WordPress. Easily make beautiful ebooks (Kindle, Apple, Kobo), and print-ready PDFs.<br \/>\n<a href=\"http:\/\/pressbooks.com\" rel=\"nofollow\">http:\/\/pressbooks.com<\/a><\/p>\n\t\t\t\t\t\t<\/div>\n\t\t\t\t\t<\/div>\n\n\t\t\t\t\t\n\t\t\t\t\t<div id=\"post-2025\" class=\"sponsor post-2025 wcb_sponsor type-wcb_sponsor status-publish has-post-thumbnail hentry wcb_sponsor_level-aluminum\" >\n\t\t\t\t\t\t<h3 class=\"entry-title sponsor-title\">\n\t\t\t\t\t\t\t<a href=\"https:\/\/montreal.wordcamp.org\/2013\/sponsor\/10up\/\">\n\t\t\t\t\t\t\t\t<img loading=\"lazy\" decoding=\"async\" width=\"200\" height=\"60\" src=\"https:\/\/montreal.wordcamp.org\/2013\/files\/2013\/06\/sponsor-10up2.png\" class=\"attachment-post-thumbnail size-post-thumbnail wp-post-image\" alt=\"10up\" \/>\t\t\t\t\t\t\t<\/a>\n\t\t\t\t\t\t<\/h3>\n\n\t\t\t\t\t\t<div class=\"entry-content sponsor-description\">\n\t\t\t\t\t\t\t<p>10up is a premium web agency that imagines, builds, and grows amazing websites with WordPress. 10up serves an outstanding collection of clients, ranging from small family businesses to diverse WordPress.com VIP clients like TechCrunch, Time Inc, Universal Sports, and Trulia, to universities like Bates College and the University of Rhode Island. With 30 full-time employees, including over a dozen credited core contributors to WordPress, team 10up has the talent and know how to conquer any project.<br \/>\n<a href=\"http:\/\/www.10up.com\" rel=\"nofollow\">http:\/\/www.10up.com<\/a><\/p>\n\t\t\t\t\t\t<\/div>\n\t\t\t\t\t<\/div>\n\n\t\t\t\t\t\n\t\t\t\t<\/div>\n\t\t\t\t\t\t\t\n\t\t\t\t<div class=\"sponsor-level microsponsor\">\n\t\t\t\t\t<h2 class=\"sponsor-level-title\">\n\t\t\t\t\t\tMicrosponsor\t\t\t\t\t<\/h2>\n\n\t\t\t\t\t\n\t\t\t\t\t<div id=\"post-268\" class=\"sponsor post-268 wcb_sponsor type-wcb_sponsor status-publish hentry wcb_sponsor_level-microsponsor\" >\n\t\t\t\t\t\t<h3 class=\"entry-title sponsor-title\">\n\t\t\t\t\t\t\t<a href=\"https:\/\/montreal.wordcamp.org\/2013\/sponsor\/diane-bourque-specialiste-web\/\">\n\t\t\t\t\t\t\t\tDiane Bourque\t\t\t\t\t\t\t<\/a>\n\t\t\t\t\t\t<\/h3>\n\n\t\t\t\t\t\t<div class=\"entry-content sponsor-description\">\n\t\t\t\t\t\t\t<p>Je suis une Sp\u00e9cialiste Web. Je me sp\u00e9cialise dans WordPress, les R\u00e9seaux Sociaux et la Formation Web. J\u2019ai travaill\u00e9 20 ans dans le domaine judiciaire et je me propose de passer les 20 prochaines \u00e0 d\u00e9velopper des projets Web. J\u2019ai cr\u00e9\u00e9 mon premier site web en 1995 et ai par la suite g\u00e9r\u00e9 diff\u00e9rents projets web.<br \/>\n<a href=\"http:\/\/dianebourque.com\" rel=\"nofollow\">http:\/\/dianebourque.com<\/a><\/p>\n\t\t\t\t\t\t<\/div>\n\t\t\t\t\t<\/div>\n\n\t\t\t\t\t\n\t\t\t\t\t<div id=\"post-328\" class=\"sponsor post-328 wcb_sponsor type-wcb_sponsor status-publish hentry wcb_sponsor_level-microsponsor\" >\n\t\t\t\t\t\t<h3 class=\"entry-title sponsor-title\">\n\t\t\t\t\t\t\t<a href=\"https:\/\/montreal.wordcamp.org\/2013\/sponsor\/mark-senff\/\">\n\t\t\t\t\t\t\t\tMark Senff\t\t\t\t\t\t\t<\/a>\n\t\t\t\t\t\t<\/h3>\n\n\t\t\t\t\t\t<div class=\"entry-content sponsor-description\">\n\t\t\t\t\t\t\t<p>Mark Senff is a front end developer who creates websites and other things digital. And occasionally does magic tricks, too!<br \/>\n<a href=\"http:\/\/www.senff.com\" rel=\"nofollow\">http:\/\/www.senff.com<\/a><\/p>\n\t\t\t\t\t\t<\/div>\n\t\t\t\t\t<\/div>\n\n\t\t\t\t\t\n\t\t\t\t\t<div id=\"post-331\" class=\"sponsor post-331 wcb_sponsor type-wcb_sponsor status-publish hentry wcb_sponsor_level-microsponsor\" >\n\t\t\t\t\t\t<h3 class=\"entry-title sponsor-title\">\n\t\t\t\t\t\t\t<a href=\"https:\/\/montreal.wordcamp.org\/2013\/sponsor\/jeremy-clarke\/\">\n\t\t\t\t\t\t\t\tJeremy Clarke\t\t\t\t\t\t\t<\/a>\n\t\t\t\t\t\t<\/h3>\n\n\t\t\t\t\t\t<div class=\"entry-content sponsor-description\">\n\t\t\t\t\t\t\t<p>Jeremy Clarke is a human web developer from Montreal.<br \/>\n<a href=\"http:\/\/jeremyclarke.org\" rel=\"nofollow\">http:\/\/jeremyclarke.org<\/a><\/p>\n\t\t\t\t\t\t<\/div>\n\t\t\t\t\t<\/div>\n\n\t\t\t\t\t\n\t\t\t\t\t<div id=\"post-563\" class=\"sponsor post-563 wcb_sponsor type-wcb_sponsor status-publish hentry wcb_sponsor_level-microsponsor\" >\n\t\t\t\t\t\t<h3 class=\"entry-title sponsor-title\">\n\t\t\t\t\t\t\t<a href=\"https:\/\/montreal.wordcamp.org\/2013\/sponsor\/digital-insite\/\">\n\t\t\t\t\t\t\t\tDigital Insite\t\t\t\t\t\t\t<\/a>\n\t\t\t\t\t\t<\/h3>\n\n\t\t\t\t\t\t<div class=\"entry-content sponsor-description\">\n\t\t\t\t\t\t\t<p>I\u2019m passionate about what I do and take pride in creating for the web.<br \/>\nThe challenge of resolving a problem inspires me, which makes this my perfect medium \u2013 there\u2019s always something new to learn, allowing me to expand my creative and technical skills.<br \/>\n<a href=\"http:\/\/digitalinsite.ca\" rel=\"nofollow\">http:\/\/digitalinsite.ca<\/a><\/p>\n\t\t\t\t\t\t<\/div>\n\t\t\t\t\t<\/div>\n\n\t\t\t\t\t\n\t\t\t\t\t<div id=\"post-635\" class=\"sponsor post-635 wcb_sponsor type-wcb_sponsor status-publish hentry wcb_sponsor_level-microsponsor\" >\n\t\t\t\t\t\t<h3 class=\"entry-title sponsor-title\">\n\t\t\t\t\t\t\t<a href=\"https:\/\/montreal.wordcamp.org\/2013\/sponsor\/kirk-wight\/\">\n\t\t\t\t\t\t\t\tKirk Wight\t\t\t\t\t\t\t<\/a>\n\t\t\t\t\t\t<\/h3>\n\n\t\t\t\t\t\t<div class=\"entry-content sponsor-description\">\n\t\t\t\t\t\t\t<p>Kirk is a Theme Broker at <a href=\"http:\/\/automattic.com\" rel=\"nofollow\">Automattic<\/a>, where he concentrates on making WordPress.com premium themes the best they can be.<br \/>\n<a href=\"http:\/\/kwight.ca\" rel=\"nofollow\">http:\/\/kwight.ca<\/a><\/p>\n\t\t\t\t\t\t<\/div>\n\t\t\t\t\t<\/div>\n\n\t\t\t\t\t\n\t\t\t\t\t<div id=\"post-638\" class=\"sponsor post-638 wcb_sponsor type-wcb_sponsor status-publish hentry wcb_sponsor_level-microsponsor\" >\n\t\t\t\t\t\t<h3 class=\"entry-title sponsor-title\">\n\t\t\t\t\t\t\t<a href=\"https:\/\/montreal.wordcamp.org\/2013\/sponsor\/web-cream\/\">\n\t\t\t\t\t\t\t\tWeb Cream\t\t\t\t\t\t\t<\/a>\n\t\t\t\t\t\t<\/h3>\n\n\t\t\t\t\t\t<div class=\"entry-content sponsor-description\">\n\t\t\t\t\t\t\t<p>We are a Montreal based web design and development studio aiming to provide personalized web services to individuals and small businesses helping them achieve their goals. Promising an enjoyable, amusing and smooth web journey.<br \/>\n<a href=\"http:\/\/webcream.ca\" rel=\"nofollow\">http:\/\/webcream.ca<\/a><\/p>\n\t\t\t\t\t\t<\/div>\n\t\t\t\t\t<\/div>\n\n\t\t\t\t\t\n\t\t\t\t\t<div id=\"post-667\" class=\"sponsor post-667 wcb_sponsor type-wcb_sponsor status-publish hentry wcb_sponsor_level-microsponsor\" >\n\t\t\t\t\t\t<h3 class=\"entry-title sponsor-title\">\n\t\t\t\t\t\t\t<a href=\"https:\/\/montreal.wordcamp.org\/2013\/sponsor\/miou-design\/\">\n\t\t\t\t\t\t\t\tMiou Design\t\t\t\t\t\t\t<\/a>\n\t\t\t\t\t\t<\/h3>\n\n\t\t\t\t\t\t<div class=\"entry-content sponsor-description\">\n\t\t\t\t\t\t\t<p>Miou Design est un petit (et sympathique) studio de cr\u00e9ation Web situ\u00e9 \u00e0 Joliette dans Lanaudi\u00e8re. Et Miou c\u2019est Emmanuelle Demeules, qui fait du Web depuis \u00ab avant la bulle technologique \u00bb.<br \/>\n<a href=\"http:\/\/mioudesign.com\" rel=\"nofollow\">http:\/\/mioudesign.com<\/a><\/p>\n\t\t\t\t\t\t<\/div>\n\t\t\t\t\t<\/div>\n\n\t\t\t\t\t\n\t\t\t\t\t<div id=\"post-1594\" class=\"sponsor post-1594 wcb_sponsor type-wcb_sponsor status-publish hentry wcb_sponsor_level-microsponsor\" >\n\t\t\t\t\t\t<h3 class=\"entry-title sponsor-title\">\n\t\t\t\t\t\t\t<a href=\"https:\/\/montreal.wordcamp.org\/2013\/sponsor\/friday-media-tools\/\">\n\t\t\t\t\t\t\t\tFriday Media Tools\t\t\t\t\t\t\t<\/a>\n\t\t\t\t\t\t<\/h3>\n\n\t\t\t\t\t\t<div class=\"entry-content sponsor-description\">\n\t\t\t\t\t\t\t<p>Consultants in business development and communications.<br \/>\n<a href=\"http:\/\/www.friday.se\" rel=\"nofollow\">http:\/\/www.friday.se<\/a><\/p>\n\t\t\t\t\t\t<\/div>\n\t\t\t\t\t<\/div>\n\n\t\t\t\t\t\n\t\t\t\t\t<div id=\"post-14580\" class=\"sponsor post-14580 wcb_sponsor type-wcb_sponsor status-publish hentry wcb_sponsor_level-microsponsor\" >\n\t\t\t\t\t\t<h3 class=\"entry-title sponsor-title\">\n\t\t\t\t\t\t\t<a href=\"https:\/\/montreal.wordcamp.org\/2013\/sponsor\/le-gout-du-libre\/\">\n\t\t\t\t\t\t\t\tLe Go\u00fbt du Libre\t\t\t\t\t\t\t<\/a>\n\t\t\t\t\t\t<\/h3>\n\n\t\t\t\t\t\t<div class=\"entry-content sponsor-description\">\n\t\t\t\t\t\t\t<p>&#8220;Le Go\u00fbt du Libre&#8221; works backstage with other web agencies and creative designers to ensure the security and the technical excellence of their WordPress projects. We offer training, technical support and consulting services based on technology freedom since 1995.<br \/>\n<a href=\"http:\/\/www.legoutdulibre.com\" rel=\"nofollow\">http:\/\/www.legoutdulibre.com<\/a><\/p>\n\t\t\t\t\t\t<\/div>\n\t\t\t\t\t<\/div>\n\n\t\t\t\t\t\n\t\t\t\t<\/div>\n\t\t\t\t\t<\/div>\n\n\t\t\n","protected":false},"excerpt":{"rendered":"","protected":false},"author":4229527,"featured_media":0,"parent":0,"menu_order":5,"comment_status":"closed","ping_status":"closed","template":"","meta":{"jetpack_post_was_ever_published":false,"footnotes":""},"class_list":["post-178","page","type-page","status-publish","hentry"],"jetpack_sharing_enabled":true,"jetpack_shortlink":"https:\/\/wp.me\/P3ejmz-2S","_links":{"self":[{"href":"https:\/\/montreal.wordcamp.org\/2013\/wp-json\/wp\/v2\/pages\/178","targetHints":{"allow":["GET"]}}],"collection":[{"href":"https:\/\/montreal.wordcamp.org\/2013\/wp-json\/wp\/v2\/pages"}],"about":[{"href":"https:\/\/montreal.wordcamp.org\/2013\/wp-json\/wp\/v2\/types\/page"}],"author":[{"embeddable":true,"href":"https:\/\/montreal.wordcamp.org\/2013\/wp-json\/wp\/v2\/users\/4229527"}],"replies":[{"embeddable":true,"href":"https:\/\/montreal.wordcamp.org\/2013\/wp-json\/wp\/v2\/comments?post=178"}],"version-history":[{"count":2,"href":"https:\/\/montreal.wordcamp.org\/2013\/wp-json\/wp\/v2\/pages\/178\/revisions"}],"predecessor-version":[{"id":306,"href":"https:\/\/montreal.wordcamp.org\/2013\/wp-json\/wp\/v2\/pages\/178\/revisions\/306"}],"wp:attachment":[{"href":"https:\/\/montreal.wordcamp.org\/2013\/wp-json\/wp\/v2\/media?parent=178"}],"curies":[{"name":"wp","href":"https:\/\/api.w.org\/{rel}","templated":true}]}}