{"id":162988,"date":"2014-06-26T13:24:17","date_gmt":"2014-06-26T17:24:17","guid":{"rendered":"https:\/\/2014.montreal.wordcamp.org\/?post_type=wcb_speaker&#038;p=162988"},"modified":"2014-07-28T12:42:05","modified_gmt":"2014-07-28T16:42:05","slug":"alexandre-simard","status":"publish","type":"wcb_speaker","link":"https:\/\/montreal.wordcamp.org\/2014\/speaker\/alexandre-simard\/","title":{"rendered":"Alexandre Simard"},"content":{"rendered":"<p><span style=\"color: #000000\">Sp\u00e9cialiste WordPress ind\u00e9pendant depuis 2009, <a href=\"http:\/\/brocheafoin.biz\/\">Alexandre<\/a> est associ\u00e9-fondateur chez Desaulniers Simard, firme de conseil, formation et d\u00e9veloppement. Il a \u00e9t\u00e9 conf\u00e9rencier \u00e0 (presque) toutes les \u00e9ditions de WordCamp Montr\u00e9al.<\/span> <a href=\"http:\/\/twitter.com\/Desa_Simard\">@Desa_Simard<\/a><\/p>\n","protected":false},"excerpt":{"rendered":"<p>Sp\u00e9cialiste WordPress ind\u00e9pendant depuis 2009, Alexandre est associ\u00e9-fondateur chez Desaulniers Simard, firme de conseil, formation et d\u00e9veloppement. Il a \u00e9t\u00e9 conf\u00e9rencier \u00e0 (presque) toutes les \u00e9ditions de WordCamp Montr\u00e9al. @Desa_Simard<\/p>\n","protected":false},"author":4229527,"featured_media":0,"comment_status":"closed","ping_status":"closed","template":"","meta":{"_crdt_document":"","jetpack_post_was_ever_published":false,"_wcpt_user_name":"","footnotes":""},"speaker_group":[],"class_list":["post-162988","wcb_speaker","type-wcb_speaker","status-publish","hentry"],"jetpack_sharing_enabled":true,"avatar_urls":{"24":"https:\/\/secure.gravatar.com\/avatar\/d79e77221bada46edc50ebad828d10e136da30ba5e8f6f5d247030b090500811?s=24&d=mm&r=g","48":"https:\/\/secure.gravatar.com\/avatar\/d79e77221bada46edc50ebad828d10e136da30ba5e8f6f5d247030b090500811?s=48&d=mm&r=g","96":"https:\/\/secure.gravatar.com\/avatar\/d79e77221bada46edc50ebad828d10e136da30ba5e8f6f5d247030b090500811?s=96&d=mm&r=g","128":"https:\/\/secure.gravatar.com\/avatar\/d79e77221bada46edc50ebad828d10e136da30ba5e8f6f5d247030b090500811?s=128&d=mm&r=g","256":"https:\/\/secure.gravatar.com\/avatar\/d79e77221bada46edc50ebad828d10e136da30ba5e8f6f5d247030b090500811?s=256&d=mm&r=g","512":"https:\/\/secure.gravatar.com\/avatar\/d79e77221bada46edc50ebad828d10e136da30ba5e8f6f5d247030b090500811?s=512&d=mm&r=g"},"_links":{"self":[{"href":"https:\/\/montreal.wordcamp.org\/2014\/wp-json\/wp\/v2\/speakers\/162988","targetHints":{"allow":["GET"]}}],"collection":[{"href":"https:\/\/montreal.wordcamp.org\/2014\/wp-json\/wp\/v2\/speakers"}],"about":[{"href":"https:\/\/montreal.wordcamp.org\/2014\/wp-json\/wp\/v2\/types\/wcb_speaker"}],"author":[{"embeddable":true,"href":"https:\/\/montreal.wordcamp.org\/2014\/wp-json\/wp\/v2\/users\/4229527"}],"replies":[{"embeddable":true,"href":"https:\/\/montreal.wordcamp.org\/2014\/wp-json\/wp\/v2\/comments?post=162988"}],"version-history":[{"count":3,"href":"https:\/\/montreal.wordcamp.org\/2014\/wp-json\/wp\/v2\/speakers\/162988\/revisions"}],"predecessor-version":[{"id":163490,"href":"https:\/\/montreal.wordcamp.org\/2014\/wp-json\/wp\/v2\/speakers\/162988\/revisions\/163490"}],"sessions":[{"embeddable":true,"href":"https:\/\/montreal.wordcamp.org\/2014\/wp-json\/wp\/v2\/sessions\/163088?_embed=1&context=view"}],"wp:attachment":[{"href":"https:\/\/montreal.wordcamp.org\/2014\/wp-json\/wp\/v2\/media?parent=162988"}],"wp:term":[{"taxonomy":"wcb_speaker_group","embeddable":true,"href":"https:\/\/montreal.wordcamp.org\/2014\/wp-json\/wp\/v2\/speaker_group?post=162988"}],"curies":[{"name":"wp","href":"https:\/\/api.w.org\/{rel}","templated":true}]}}

<p><span style="color: #000000">Spécialiste WordPress indépendant depuis 2009, <a href="http://brocheafoin.biz/">Alexandre</a> est associé-fondateur chez Desaulniers Simard, firme de conseil, formation et développement. Il a été conférencier à (presque) toutes les éditions de WordCamp Montréal.</span> <a href="http://twitter.com/Desa_Simard">@Desa_Simard</a></p>

<p>Spécialiste WordPress indépendant depuis 2009, Alexandre est associé-fondateur chez Desaulniers Simard, firme de conseil, formation et développement. Il a été conférencier à (presque) toutes les éditions de WordCamp Montréal. @Desa_Simard</p>
