{"id":9,"date":"2015-02-06T19:13:56","date_gmt":"2015-02-07T00:13:56","guid":{"rendered":"https:\/\/2015-fr.montreal.wordcamp.org\/location\/"},"modified":"2015-06-25T11:41:53","modified_gmt":"2015-06-25T15:41:53","slug":"lieu","status":"publish","type":"page","link":"https:\/\/montreal.wordcamp.org\/2015-fr\/lieu\/","title":{"rendered":"Lieu"},"content":{"rendered":"<div id=\"attachment_655\" style=\"width: 1034px\" class=\"wp-caption alignright\"><a href=\"https:\/\/2015-fr.montreal.wordcamp.org\/files\/2015\/06\/Concordia-University-WCMTL-2015.jpg\"><img loading=\"lazy\" decoding=\"async\" aria-describedby=\"caption-attachment-655\" src=\"https:\/\/2015-fr.montreal.wordcamp.org\/files\/2015\/06\/Concordia-University-WCMTL-2015.jpg\" alt=\"Le hall de l&#039;Universit\u00e9 Concordia et le b\u00e2timent de la biblioth\u00e8que un jour ensoleill\u00e9 d&#039;\u00e9t\u00e9\" width=\"1024\" height=\"453\" class=\"size-full wp-image-655\" srcset=\"https:\/\/montreal.wordcamp.org\/2015-fr\/files\/2015\/06\/Concordia-University-WCMTL-2015.jpg 1024w, https:\/\/montreal.wordcamp.org\/2015-fr\/files\/2015\/06\/Concordia-University-WCMTL-2015-300x133.jpg 300w, https:\/\/montreal.wordcamp.org\/2015-fr\/files\/2015\/06\/Concordia-University-WCMTL-2015-500x221.jpg 500w, https:\/\/montreal.wordcamp.org\/2015-fr\/files\/2015\/06\/Concordia-University-WCMTL-2015-1000x442.jpg 1000w\" sizes=\"auto, (max-width: 1024px) 100vw, 1024px\" \/><\/a><p id=\"caption-attachment-655\" class=\"wp-caption-text\">\u00a9 Universit\u00e9 Concordia<\/p><\/div>\n<p>Cette ann\u00e9e, WordCamp Montr\u00e9al 2015 b\u00e9n\u00e9ficie d&rsquo;un changement d&#8217;emplacement. Pour la premi\u00e8re fois, l&rsquo;\u00e9v\u00e8nement sera tenu \u00e0 l&rsquo;Universit\u00e9 Concordia (campus Sir George Williams).<\/p>\n<p>Situ\u00e9 au coeur du centre-ville de Montr\u00e9al et facilement accessible par la station de m\u00e9tro Guy-Concordia, cet emplacement se trouve dans un quartier dynamique et diversifi\u00e9 de la ville. Toutes les pi\u00e8ces sont \u00e9quip\u00e9es d&rsquo;un podium et d&rsquo;\u00e9quipements audio-visuel et de projecteurs pour les pr\u00e9sentations.<\/p>\n<p>Les b\u00e2timents sont tous accessibles pour les personnes en fauteuils roulants.<\/p>\n<h3>\u00c0 propos de l&rsquo;endroit :<\/h3>\n<ul>\n<li><a href=\"https:\/\/2015-fr.montreal.wordcamp.org\/lieu\/#map\">Carte des lieux<\/a><\/li>\n<li><a href=\"https:\/\/2015-fr.montreal.wordcamp.org\/lieu\/#atrium\">Atrium<\/a><\/li>\n<li><a href=\"https:\/\/2015-fr.montreal.wordcamp.org\/lieu\/#auditorium\">Auditorium des gradu\u00e9s<\/a><\/li>\n<li><a href=\"https:\/\/2015-fr.montreal.wordcamp.org\/lieu\/#lecture\">Salle de pr\u00e9sentation<\/a><\/li>\n<li><a href=\"https:\/\/2015-fr.montreal.wordcamp.org\/lieu\/#cinema\">Cin\u00e9ma de S\u00e8ve<\/a><\/li>\n<li><a href=\"https:\/\/2015-fr.montreal.wordcamp.org\/lieu\/#bathroom\">Salles de bain unisexes<\/a><\/li>\n<li><a href=\"https:\/\/2015-fr.montreal.wordcamp.org\/lieu\/#hotel\">H\u00f4tels \u00e0 proximit\u00e9<\/a><\/li>\n<\/ul>\n<h3 id=\"map\">Carte des lieux<\/h3>\n<p><a href=\"https:\/\/2015-fr.montreal.wordcamp.org\/files\/2015\/06\/2015-06-10_Concordia-Venue-Map.png\"><img loading=\"lazy\" decoding=\"async\" src=\"https:\/\/2015-fr.montreal.wordcamp.org\/files\/2015\/06\/2015-06-10_Concordia-Venue-Map-202x300.png\" alt=\"Carte des lieux de l'universit\u00e9 Concordia \u00e0 Montr\u00e9al\" width=\"270\" height=\"400\" class=\"alignright size-medium wp-image-662\" srcset=\"https:\/\/montreal.wordcamp.org\/2015-fr\/files\/2015\/06\/2015-06-10_Concordia-Venue-Map-202x300.png 202w, https:\/\/montreal.wordcamp.org\/2015-fr\/files\/2015\/06\/2015-06-10_Concordia-Venue-Map.png 534w\" sizes=\"auto, (max-width: 270px) 100vw, 270px\" \/><\/a><br \/>\nLes salles pour l&rsquo;\u00e9v\u00e8nements sont r\u00e9parties sur deux b\u00e2timents, soit deux salles dans le b\u00e2timent Henry F. Hall et deux autres salles dans le b\u00e2timent de la biblioth\u00e8que J.W. McConnell.<\/p>\n<p>Il y a un tunnel qui connecte ces deux b\u00e2timents, qui sont de chaque c\u00f4t\u00e9 de la rue.<\/p>\n<h3 id=\"atrium\">Atrium (LB-rez-de-chauss\u00e9e)<\/h3>\n<p><div id=\"attachment_659\" style=\"width: 255px\" class=\"wp-caption alignright\"><a href=\"https:\/\/2015-fr.montreal.wordcamp.org\/files\/2015\/06\/Library-Atrium-WCMTL-2015.png\"><img loading=\"lazy\" decoding=\"async\" aria-describedby=\"caption-attachment-659\" src=\"https:\/\/2015-fr.montreal.wordcamp.org\/files\/2015\/06\/Library-Atrium-WCMTL-2015.png\" alt=\"Atrium de la biblioth\u00e8que \u00e0 l&#039;universit\u00e9 Concordia \u00e0 Montr\u00e9al\" width=\"245\" height=\"197\" class=\"size-full wp-image-659\" \/><\/a><p id=\"caption-attachment-659\" class=\"wp-caption-text\">\u00a9 Universit\u00e9 Concordia<\/p><\/div><br \/>\nSitu\u00e9 au rez-de-chauss\u00e9e du b\u00e2timent J.W. McConnell, l&rsquo;atrium est accessible par la rue<br \/>\nMaisonneuve ou par le tunnel qui connecte le b\u00e2timent Henry F. Hall avec le b\u00e2timent J.W. McConnell. L&rsquo;espace spacieux est accueillant et ouvert. Les inscriptions, les stations-caf\u00e9, le service de d\u00eener ainsi que le \u00ab\u00a0Happiness Bar\u00a0\u00bb seront situ\u00e9s \u00e0 l&rsquo;Atrium.<\/p>\n<p><strong>Adresse<\/strong><br \/>\nB\u00e2timent de la biblioth\u00e8que J.W. McConnell (LB)<br \/>\n1400 De Maisonneuve O.<\/p>\n<h3 id=\"auditorium\">Auditorium des gradu\u00e9s(H-110)<\/h3>\n<p><div id=\"attachment_654\" style=\"width: 255px\" class=\"wp-caption alignright\"><a href=\"https:\/\/2015-fr.montreal.wordcamp.org\/files\/2015\/06\/Alumni-Auditorium-WCMTL-2015.png\"><img loading=\"lazy\" decoding=\"async\" aria-describedby=\"caption-attachment-654\" src=\"https:\/\/2015-fr.montreal.wordcamp.org\/files\/2015\/06\/Alumni-Auditorium-WCMTL-2015.png\" alt=\"Auditorium des gradu\u00e9s \u00e0 l&#039;universit\u00e9 Concordia \u00e0 Montr\u00e9al\" width=\"245\" height=\"197\" class=\"size-full wp-image-654\" \/><\/a><p id=\"caption-attachment-654\" class=\"wp-caption-text\">\u00a9 Universit\u00e9 Concordia<\/p><\/div>L&rsquo;auditorium des gradu\u00e9s est un grand auditorium avec une capacit\u00e9 de 600 personnes. Celui-ci offre un syst\u00e8me de projection digital et des \u00e9crans \u00e0 la fine pointe, ainsi que des si\u00e8ges \u00e9quip\u00e9s de tablettes d&rsquo;appui et prises de courant. On peut y acc\u00e9der par l&rsquo;entr\u00e9e principale du b\u00e2timent Henry F. Hall.<\/p>\n<p><strong>Adresse<\/strong><br \/>\nB\u00e2timent Henry F. Hall (H-110)<br \/>\n1455 De Maisonneuve O.<\/p>\n<h3 id=\"lecture\">Salle de pr\u00e9sentation (H-407)<\/h3>\n<p><div id=\"attachment_658\" style=\"width: 255px\" class=\"wp-caption alignright\"><a href=\"https:\/\/2015-fr.montreal.wordcamp.org\/files\/2015\/06\/Lecture-Room-WCMTL-2015.png\"><img loading=\"lazy\" decoding=\"async\" aria-describedby=\"caption-attachment-658\" src=\"https:\/\/2015-fr.montreal.wordcamp.org\/files\/2015\/06\/Lecture-Room-WCMTL-2015.png\" alt=\"Une classe \u00e0 l'universit\u00e9 Concordia\" width=\"245\" height=\"197\" class=\"size-full wp-image-658\" \/><\/a><p id=\"caption-attachment-658\" class=\"wp-caption-text\">\u00a9 Universit\u00e9 Concordia<\/p><\/div> La salle de pr\u00e9sentation est une grande classe \u00e9quip\u00e9e de bureaux et tableaux, et offrant une capacit\u00e9 de 110 personnes. Bien que plus petite que les autres salles, cet espace est accueillant et plus intime. Cette pi\u00e8ce est situ\u00e9e au 4\u00e8me \u00e9tage.<\/p>\n<p><strong>Adresse<\/strong><br \/>\nB\u00e2timent Henry F. Hall (H-407)<br \/>\n1455 De Maisonneuve O.<\/p>\n<h3 id=\"cinema\">Cin\u00e9ma De S\u00e8ve (LB-125)<\/h3>\n<p><div id=\"attachment_657\" style=\"width: 255px\" class=\"wp-caption alignright\"><a href=\"https:\/\/2015-fr.montreal.wordcamp.org\/files\/2015\/06\/De-Seve-Cinema-WCMTL-2015.png\"><img loading=\"lazy\" decoding=\"async\" aria-describedby=\"caption-attachment-657\" src=\"https:\/\/2015-fr.montreal.wordcamp.org\/files\/2015\/06\/De-Seve-Cinema-WCMTL-2015.png\" alt=\"Le Cin\u00e9ma de S\u00e8ve \u00e0 l&#039;universit\u00e9 Concordia \u00e0 Montr\u00e9al\" width=\"245\" height=\"197\" class=\"size-full wp-image-657\" \/><\/a><p id=\"caption-attachment-657\" class=\"wp-caption-text\">\u00a9 Universit\u00e9 Concordia<\/p><\/div>Offrant une capacit\u00e9 de 160 places, le Cin\u00e9ma de S\u00e8ve est une salle de spectacle \u00e9quip\u00e9e des toutes derni\u00e8res technologies en terme d&rsquo;audio-visuel. Les si\u00e8ges de la salle sont \u00e9quip\u00e9s de tablettes d&rsquo;appui et de prises de courant. Le cin\u00e9ma est situ\u00e9 au rez-de-chauss\u00e9e du b\u00e2timent J.W. McConnell (apr\u00e8s la s\u00e9curit\u00e9).<\/p>\n<p><strong>Adresse<\/strong><br \/>\nB\u00e2timent de la biblioth\u00e8que J.W. McConnell (LB-125)<br \/>\n1400 De Maisonneuve O.<\/p>\n<h3 id=\"bathroom\">Salles de bain unixeses<\/h3>\n<p>L&rsquo;universit\u00e9 Concordia poss\u00e8de un certain nombre de salles de bain unixeses \u00e0 travers ses deux campus. Dans le b\u00e2timent Henry F. Hall, elles sont situ\u00e9es dans la salle H 001.04 (prendre l&rsquo;ascenseur jusqu&rsquo;\u00e0 l&rsquo;\u00e9tage 00, tourner \u00e0 gauche, et encore \u00e0 gauche) et dans la salle H 1092.01 (pr\u00e8s des ascenseurs).<\/p>\n<h3 id=\"hotel\">H\u00f4tels \u00e0 proximit\u00e9<\/h3>\n<p>Malheureusement, nous n&rsquo;avons pas d&rsquo;ententes \u00e0 tarif r\u00e9duit pour des h\u00f4tels. Mais demeurer dans n&rsquo;importe quel h\u00f4tel au centre-ville de Montr\u00e9al vous permettra un acc\u00e8s rapide \u00e0 l&rsquo;\u00e9v\u00e8nement gr\u00e2ce au m\u00e9tro, en autobus ou \u00e0 pied.<\/p>\n<p>L&rsquo;universit\u00e9 Concordia offre \u00e9galement de l&rsquo;h\u00e9bergement durant l&rsquo;\u00e9t\u00e9 \u00e0 prix r\u00e9duit dans ses r\u00e9sidences. Veuillez visiter leur <a href=\"http:\/\/www.concordia.ca\/campus-life\/summer-accommodations.html\" title=\"Concordia University Summer Accommodations\" target=\"_blank\">site web<\/a> pour les prix et pour r\u00e9server.<\/p>\n","protected":false},"excerpt":{"rendered":"<p>Cette ann\u00e9e, WordCamp Montr\u00e9al 2015 b\u00e9n\u00e9ficie d&rsquo;un changement d&#8217;emplacement. Pour la premi\u00e8re fois, l&rsquo;\u00e9v\u00e8nement sera tenu \u00e0 l&rsquo;Universit\u00e9 Concordia (campus Sir George Williams). Situ\u00e9 au coeur du centre-ville de Montr\u00e9al et facilement accessible par la station de m\u00e9tro Guy-Concordia, cet &hellip; <a href=\"https:\/\/montreal.wordcamp.org\/2015-fr\/lieu\/\">Continuer la lecture <span class=\"assistive-text\">Lieu<\/span>  <span class=\"meta-nav\">&rarr;<\/span><\/a><\/p>\n","protected":false},"author":4229527,"featured_media":0,"parent":0,"menu_order":2,"comment_status":"closed","ping_status":"closed","template":"","meta":{"jetpack_post_was_ever_published":false,"footnotes":""},"class_list":["post-9","page","type-page","status-publish","hentry"],"jetpack_sharing_enabled":true,"jetpack_shortlink":"https:\/\/wp.me\/P5IBym-9","_links":{"self":[{"href":"https:\/\/montreal.wordcamp.org\/2015-fr\/wp-json\/wp\/v2\/pages\/9","targetHints":{"allow":["GET"]}}],"collection":[{"href":"https:\/\/montreal.wordcamp.org\/2015-fr\/wp-json\/wp\/v2\/pages"}],"about":[{"href":"https:\/\/montreal.wordcamp.org\/2015-fr\/wp-json\/wp\/v2\/types\/page"}],"author":[{"embeddable":true,"href":"https:\/\/montreal.wordcamp.org\/2015-fr\/wp-json\/wp\/v2\/users\/4229527"}],"replies":[{"embeddable":true,"href":"https:\/\/montreal.wordcamp.org\/2015-fr\/wp-json\/wp\/v2\/comments?post=9"}],"version-history":[{"count":18,"href":"https:\/\/montreal.wordcamp.org\/2015-fr\/wp-json\/wp\/v2\/pages\/9\/revisions"}],"predecessor-version":[{"id":663,"href":"https:\/\/montreal.wordcamp.org\/2015-fr\/wp-json\/wp\/v2\/pages\/9\/revisions\/663"}],"wp:attachment":[{"href":"https:\/\/montreal.wordcamp.org\/2015-fr\/wp-json\/wp\/v2\/media?parent=9"}],"curies":[{"name":"wp","href":"https:\/\/api.w.org\/{rel}","templated":true}]}}