{"id":148,"date":"2016-12-08T05:51:49","date_gmt":"2016-12-08T05:51:49","guid":{"rendered":"https:\/\/2017-fr.montreal.wordcamp.org\/organizers\/"},"modified":"2018-07-23T16:01:34","modified_gmt":"2018-07-23T20:01:34","slug":"equipe","status":"publish","type":"page","link":"https:\/\/montreal.wordcamp.org\/2018-fr\/equipe\/","title":{"rendered":"\u00c9quipe organisatrice"},"content":{"rendered":"<p>WordCamp Montr\u00e9al est un \u00e9v\u00e9nement organis\u00e9 par la communaut\u00e9. Nous essayons toujours d\u2019inclure le maximum de personnes dans nos d\u00e9cisions. Toutefois, les responsabilit\u00e9s principales ont tendance \u00e0 reposer sur quelques organisateurs-cl\u00e9s.<\/p>\n<p><strong>Organisateurs WordCamp Montr\u00e9al 2017<\/strong><\/p>\n<div class=\"organizer\">\n<div class=\"organizer-text\">\n<h3><img loading=\"lazy\" decoding=\"async\" class=\"wp-image-414 size-medium alignleft\" src=\"https:\/\/2016.montreal.wordcamp.org\/files\/2016\/04\/carl-300x300.jpg\" alt=\"carl\" width=\"300\" height=\"300\" \/><a href=\"http:\/\/www.caralexander.ca\" target=\"_blank\" rel=\"noopener noreferrer\">Carl Alexander<\/a><\/h3>\n<p><a href=\"http:\/\/twitter.com\/twigpress\" target=\"_blank\" rel=\"noopener noreferrer\">@twigpress<\/a><\/p>\n<p>Carl Alexander est un d\u00e9veloppeur avide de PHP qui adore faire des exp\u00e9riences \u00e9tranges en int\u00e9grant diff\u00e9rentes technologies et logiciels libres donnant lieu \u00e0 des r\u00e9sultats parfois impr\u00e9visibles.<\/p>\n<\/div>\n<\/div>\n<div class=\"organizer\">\n<div class=\"organizer-text\">\n<h3><a href=\"http:\/\/www.moimessouliers.org\/\" target=\"_blank\" rel=\"noopener noreferrer\"><img loading=\"lazy\" decoding=\"async\" class=\"size-full wp-image-42 alignleft\" src=\"https:\/\/2017-fr.montreal.wordcamp.org\/files\/2017\/04\/Jennifer_Dore_Dallas-copy.jpg\" alt=\"\" width=\"300\" height=\"300\" \/>Jennifer Dor\u00e9 Dallas<\/a><\/h3>\n<p><a href=\"https:\/\/twitter.com\/moimessouliers\" target=\"_blank\" rel=\"noopener noreferrer\">@moimessouliers<\/a><\/p>\n<p>Jennifer est blogueuse voyage \u00e0 <a href=\"http:\/\/moimessouliers.org\/\">moimessouliers.org<\/a> et r\u00e9dactrice pigiste. Elle fait \u00e9galement de la r\u00e9vision et de la traduction \u00e0 mon compte et donne r\u00e9guli\u00e8rement des conf\u00e9rences et des ateliers de formation dans le domaine des technologies, mais aussi du voyage.<\/p>\n<\/div>\n<\/div>\n<div class=\"organizer\">\n<div class=\"organizer-text\">\n<h3><a href=\"http:\/\/alexruaux.com\/\" target=\"_blank\" rel=\"noopener noreferrer\"><img loading=\"lazy\" decoding=\"async\" class=\"alignleft size-medium wp-image-412\" src=\"https:\/\/2016.montreal.wordcamp.org\/files\/2016\/04\/alex-300x300.jpg\" alt=\"alex\" width=\"300\" height=\"300\" \/>Alex Ruaux<\/a><\/h3>\n<p><a href=\"http:\/\/twitter.com\/molecularcode\" target=\"_blank\" rel=\"noopener noreferrer\">@molecularcode<\/a><\/p>\n<p>Alex est d\u00e9veloppeur-int\u00e9grateur chez Ask PAM et pigiste chez \u00a0Molecularcode Web Design. Elle est aussi un instructeur r\u00e9guli\u00e8re lors d\u2019\u00e9v\u00e9nements \u00ab Ladies Learning Code \u00bb. Apr\u00e8s un changement de carri\u00e8re r\u00e9cent, elle aime redonner aux communaut\u00e9s qui l\u2019ont aid\u00e9es. Ses autres passions sont l\u2019impression 3D, les jeux video et profiter du plein air.<\/p>\n<\/div>\n<\/div>\n<div class=\"organizer\">\n<div class=\"organizer-text\">\n<h3><a href=\"http:\/\/www.andreazoellner.com\" target=\"_blank\" rel=\"noopener noreferrer\"><img loading=\"lazy\" decoding=\"async\" class=\"alignleft size-medium wp-image-433\" src=\"https:\/\/2016.montreal.wordcamp.org\/files\/2016\/03\/andrea_z-300x300.png\" alt=\"andrea_z\" width=\"300\" height=\"300\" \/>Andrea Zoellner<\/a><\/h3>\n<p><a href=\"http:\/\/www.twitter.com\/andreazoellner\" target=\"_blank\" rel=\"noopener noreferrer\">@andreazoellner<\/a><\/p>\n<p>Andrea est responsable du contenu chez l&rsquo;h\u00e9bergeur Web SiteGround.\u00a0<span class=\"s1\">En tant que r\u00e9dactrice, elle a aid\u00e9\u00a0des OSBL, des startups, des \u00e9coles et des grandes soci\u00e9t\u00e9s \u00e0 am\u00e9liorer leurs sites Web avec le pouvoir du contenu \u00e9crit de qualit\u00e9.\u00a0Elle aime les jeux de mots,\u00a0fr\u00e9quenter les caf\u00e9s\u00a0et partager\u00a0ses astuces de voyage sur <a href=\"https:\/\/capsulesuitcase.com\/\" target=\"_blank\" rel=\"noopener noreferrer\">son blogue<\/a>. <\/span><\/p>\n<\/div>\n<\/div>\n<div class=\"organizer\">\n<div class=\"organizer-text\">\n<h3><a href=\"http:\/\/mdovedesign.com\" target=\"_blank\" rel=\"noopener noreferrer\"><img loading=\"lazy\" decoding=\"async\" class=\"alignleft wp-image-1548 size-full\" src=\"https:\/\/2018.montreal.wordcamp.org\/files\/2018\/05\/meghan-dove-min.jpg\" alt=\"Meghan Dove\" width=\"300\" height=\"300\" \/><\/a><a href=\"http:\/\/mdovedesign.com\" target=\"_blank\" rel=\"noopener noreferrer\"><br \/>\nMeghan Dove<\/a><\/h3>\n<p><a href=\"http:\/\/www.twitter.com\/mdovedesign\" target=\"_blank\" rel=\"noopener noreferrer\">@MDoveDesign<\/a><\/p>\n<p>Meghan Dove est une conceptrice graphique et d\u00e9veloppeure front end qui aime appliquer la pens\u00e9e de conception \u00e0 l&rsquo;architecture d&rsquo;information et au UX. Elle croit que les syst\u00e8mes de conception bas\u00e9s sur la technologie et les identit\u00e9s graphiques aideront \u00e9ventuellement \u00e0 combler le foss\u00e9 entre le marketing, les concepteurs et les d\u00e9veloppeurs. B\u00e9n\u00e9vole de longue date \u00e0 WordCamp Montr\u00e9al, mentor et formatrice occasionnelle chez Ladies Learning Code Montr\u00e9al, 2018 est sa premi\u00e8re ann\u00e9e dans l&rsquo;\u00e9quipe d&rsquo;organisation de WordCamp. Quand elle ne plonge pas profond\u00e9ment dans le design technologique, elle se plonge dans la pratique du design historique comme la calligraphie, la fabrication de papier, la reliure et la typographie.<\/p>\n<\/div>\n<\/div>\n<div class=\"organizer\">\n<div class=\"organizer-text\">\n<h3><a href=\"http:\/\/www.working-maman.com\" target=\"_blank\" rel=\"noopener noreferrer\"><img loading=\"lazy\" decoding=\"async\" class=\"alignleft wp-image-1548 size-full\" src=\"https:\/\/2018-fr.montreal.wordcamp.org\/files\/2018\/07\/tatamo-andrianjafimalaza-min.jpg\" alt=\"Tatamo Andrianjafimalaza\" width=\"300\" height=\"300\" \/><\/a><a><br \/>\nTatamo Andrianjafimalaza<\/a><\/h3>\n<p><a href=\"https:\/\/www.instagram.com\/tatamo.andria\/\" target=\"_blank\" rel=\"noopener noreferrer\">@tatamo.andria<\/a><\/p>\n<p>Tatamo est une mompreneur connect\u00e9e, \u00e0 l&rsquo;origine de <a href=\"http:\/\/www.working-maman.com\" target=\"_blank\" rel=\"noopener\">Working Maman<\/a>. Lorsqu&rsquo;elle n&rsquo;est pas devant son \u00e9cran en train de planifier et ex\u00e9cuter des plans marketing, elle se consacre pleinement \u00e0 la cr\u00e9ation litt\u00e9raire. R\u00e9dactrice engag\u00e9e, elle a \u00e0 c\u0153ur d\u2019aider les autres \u00e0 transmettre leurs id\u00e9es et valeurs. Sinon, elle aime boire du latte, r\u00e9seauter, et voyager.<\/p>\n<\/div>\n<h3><img loading=\"lazy\" decoding=\"async\" class=\"alignleft wp-image-2239 size-medium\" style=\"font-size: 1rem\" src=\"https:\/\/2018.montreal.wordcamp.org\/files\/2018\/07\/MYUxCpXP_400x400-300x300.jpeg\" alt=\"\" width=\"300\" height=\"300\" \/><a href=\"https:\/\/jpurpleman.ca\">Jonathan Perlman<\/a><\/h3>\n<div><a href=\"https:\/\/twitter.com\/jpurpleman\">@jpurpleman<\/a><\/div>\n<div><span style=\"font-size: 1rem\"><br \/>\nJonathan Perlman est un d\u00e9veloppeur Web d&rsquo;exp\u00e9rience oeuvrant au sein de<\/span>\u00a0<a style=\"font-size: 1rem\" href=\"http:\/\/www.dawsoncollege.qc.ca\/\" target=\"_blank\" rel=\"noopener noreferrer\">Dawson College<\/a><span style=\"font-size: 1rem\"><span style=\"font-size: 1rem\"><span style=\"font-size: 1rem\">\u00a0\u00e0 Montr\u00e9al, Qu\u00e9bec. Comptant plus de 15 ann\u00e9es d&rsquo;exp\u00e9rience en d\u00e9veloppement Web, il b\u00e2tit des solutions sur mesure pour l&rsquo;institution. Jonathan est aussi un formateur\u00a0<\/span><\/span><\/span>pour le\u00a0<a href=\"http:\/\/www.dawsoncollege.qc.ca\/ctd\" target=\"_blank\" rel=\"noopener noreferrer\">Dawson&rsquo;s Centre for Training and Development<\/a>, se sp\u00e9cialisant dans les technologies de sites Web et de bases de donn\u00e9es comme HTML et CSS, PHP et WordPress, ainsi qu&rsquo;avec SQL.<\/div>\n<hr \/>\n<p><strong>Organisateurs des ann\u00e9es pr\u00e9c\u00e9dentes<\/strong><br \/>\nNous aimerions remercier les auteurs des \u00e9ditions pr\u00e9c\u00e9dentes de WordCamp Montr\u00e9al pour tout leur beau travail.<\/p>\n<p>WordCamp Montr\u00e9al 2017<br \/>\n<a href=\"http:\/\/andreazoellner.com\">Andrea Zoellner<\/a>, <a href=\"http:\/\/carlalexander.ca\/\" target=\"_blank\" rel=\"noopener noreferrer\">Carl Alexander<\/a>, <a href=\"https:\/\/alexruaux.com\/\" target=\"_blank\" rel=\"noopener noreferrer\">Alex Ruaux<\/a>, <a href=\"http:\/\/richardarchambault.ca\/\" target=\"_blank\" rel=\"noopener noreferrer\">Richard Archambault<\/a>, <a href=\"http:\/\/www.moimessouliers.org\/\" target=\"_blank\" rel=\"noopener noreferrer\">Jennifer Dor\u00e9 Dallas<\/a>, &amp; <a href=\"https:\/\/en.edesaulniers.com\/\" target=\"_blank\" rel=\"noopener noreferrer\">\u00c9lise Desaulniers.<\/a><\/p>\n<p>WordCamp Montr\u00e9al 2016<br \/>\n<a href=\"http:\/\/andreazoellner.com\">Andrea Zoellner<\/a>, <a href=\"http:\/\/www.cafenoirdesign.com\/\" target=\"_blank\" rel=\"noopener noreferrer\">Shannon Smith<\/a>, <a href=\"http:\/\/carlalexander.ca\/\" target=\"_blank\" rel=\"noopener noreferrer\">Carl Alexander<\/a>, <a href=\"https:\/\/alexruaux.com\/\" target=\"_blank\" rel=\"noopener noreferrer\">Alex Ruaux<\/a>, &amp; <a href=\"http:\/\/richardarchambault.ca\/\" target=\"_blank\" rel=\"noopener noreferrer\">Richard Archambault.<\/a><\/p>\n<p>WordCamp Montr\u00e9al 2015<br \/>\n<a href=\"http:\/\/www.veronicalouis.com\/\" target=\"_blank\" rel=\"noopener noreferrer\">Veronica Louis<\/a>, <a href=\"http:\/\/www.cafenoirdesign.com\/\" target=\"_blank\" rel=\"noopener noreferrer\">Shannon Smith<\/a>, <a href=\"http:\/\/carlalexander.ca\/\" target=\"_blank\" rel=\"noopener noreferrer\">Carl Alexander<\/a>, <a href=\"https:\/\/alexruaux.com\/\" target=\"_blank\" rel=\"noopener noreferrer\">Alex Ruaux<\/a>, &amp; <a href=\"http:\/\/richardarchambault.ca\/\" target=\"_blank\" rel=\"noopener noreferrer\">Richard Archambault.<\/a><\/p>\n<p>WordCamp Montr\u00e9al 2014<br \/>\n<a href=\"http:\/\/jeremyclarke.org\/\" target=\"_blank\" rel=\"noopener noreferrer\">Jeremy Clarke<\/a>, <a href=\"http:\/\/www.cafenoirdesign.com\/\" target=\"_blank\" rel=\"noopener noreferrer\">Shannon Smith<\/a>, <a href=\"http:\/\/carlalexander.ca\/\" target=\"_blank\" rel=\"noopener noreferrer\">Carl Alexander<\/a>, <a href=\"https:\/\/alexruaux.com\/\" target=\"_blank\" rel=\"noopener noreferrer\">Alex Ruaux<\/a>, &amp; <a href=\"http:\/\/richardarchambault.ca\/\" target=\"_blank\" rel=\"noopener noreferrer\">Richard Archambault<\/a>.<\/p>\n<p>WordCamp Montr\u00e9al 2013<br \/>\n<a href=\"http:\/\/jeremyclarke.org\/\" target=\"_blank\" rel=\"noopener noreferrer\">Jeremy Clarke<\/a>, <a href=\"http:\/\/www.cafenoirdesign.com\/\" target=\"_blank\" rel=\"noopener noreferrer\">Shannon Smith<\/a>, <a href=\"http:\/\/carlalexander.ca\/\" target=\"_blank\" rel=\"noopener noreferrer\">Carl Alexander<\/a>, <a href=\"https:\/\/alexruaux.com\/\" target=\"_blank\" rel=\"noopener noreferrer\">Alex Ruaux<\/a>, <a href=\"http:\/\/richardarchambault.ca\/\" target=\"_blank\" rel=\"noopener noreferrer\">Richard Archambault<\/a>, &amp; <a href=\"http:\/\/kwight.ca\/\" target=\"_blank\" rel=\"noopener noreferrer\">Kirk Wight<\/a>.<\/p>\n<p>WordCamp Montr\u00e9al 2011 &amp; 2012<br \/>\n<a href=\"http:\/\/jeremyclarke.org\/\" target=\"_blank\" rel=\"noopener noreferrer\">Jeremy Clarke<\/a>, <a href=\"http:\/\/www.cafenoirdesign.com\/\" target=\"_blank\" rel=\"noopener noreferrer\">Shannon Smith<\/a>, <a href=\"http:\/\/www.horseandcartagency.com\/\" target=\"_blank\" rel=\"noopener noreferrer\">Brendan Sera-Shriar<\/a>, &amp; <a href=\"http:\/\/carlalexander.ca\/\" target=\"_blank\" rel=\"noopener noreferrer\">Carl Alexander<\/a>.<\/p>\n<p>WordCamp Montr\u00e9al 2010<br \/>\n<a href=\"http:\/\/jeremyclarke.org\/\" target=\"_blank\" rel=\"noopener noreferrer\">Jeremy Clarke<\/a>, <a href=\"http:\/\/www.cafenoirdesign.com\/\" target=\"_blank\" rel=\"noopener noreferrer\">Shannon Smith<\/a> &amp; <a href=\"http:\/\/www.horseandcartagency.com\/\" target=\"_blank\" rel=\"noopener noreferrer\">Brendan Sera-Shriar<\/a><\/p>\n<p>WordCamp Montr\u00e9al 2009<br \/>\n<a href=\"http:\/\/jeremyclarke.org\/\" target=\"_blank\" rel=\"noopener noreferrer\">Jeremy Clarke<\/a> &amp; <a href=\"http:\/\/www.afroginthevalley.com\/\" target=\"_blank\" rel=\"noopener noreferrer\">Sylvain Carle<\/a><\/p>\n<\/div>\n","protected":false},"excerpt":{"rendered":"<p>WordCamp Montr\u00e9al est un \u00e9v\u00e9nement organis\u00e9 par la communaut\u00e9. Nous essayons toujours d\u2019inclure le maximum de personnes dans nos d\u00e9cisions. Toutefois, les responsabilit\u00e9s principales ont tendance \u00e0 reposer sur quelques organisateurs-cl\u00e9s. Organisateurs WordCamp Montr\u00e9al 2017 Carl Alexander @twigpress Carl Alexander est un d\u00e9veloppeur avide de PHP qui adore faire des exp\u00e9riences \u00e9tranges en int\u00e9grant diff\u00e9rentes &hellip; <\/p>\n<p class=\"link-more\"><a href=\"https:\/\/montreal.wordcamp.org\/2018-fr\/equipe\/\" class=\"more-link\">Continuer la lecture<span class=\"screen-reader-text\"> de &laquo;&nbsp;\u00c9quipe organisatrice&nbsp;&raquo;<\/span><\/a><\/p>\n","protected":false},"author":13996737,"featured_media":0,"parent":0,"menu_order":0,"comment_status":"closed","ping_status":"closed","template":"","meta":{"jetpack_post_was_ever_published":false,"footnotes":""},"class_list":["post-148","page","type-page","status-publish","hentry"],"jetpack_sharing_enabled":true,"jetpack_shortlink":"https:\/\/wp.me\/P9tyM6-2o","_links":{"self":[{"href":"https:\/\/montreal.wordcamp.org\/2018-fr\/wp-json\/wp\/v2\/pages\/148","targetHints":{"allow":["GET"]}}],"collection":[{"href":"https:\/\/montreal.wordcamp.org\/2018-fr\/wp-json\/wp\/v2\/pages"}],"about":[{"href":"https:\/\/montreal.wordcamp.org\/2018-fr\/wp-json\/wp\/v2\/types\/page"}],"author":[{"embeddable":true,"href":"https:\/\/montreal.wordcamp.org\/2018-fr\/wp-json\/wp\/v2\/users\/13996737"}],"replies":[{"embeddable":true,"href":"https:\/\/montreal.wordcamp.org\/2018-fr\/wp-json\/wp\/v2\/comments?post=148"}],"version-history":[{"count":19,"href":"https:\/\/montreal.wordcamp.org\/2018-fr\/wp-json\/wp\/v2\/pages\/148\/revisions"}],"predecessor-version":[{"id":2211,"href":"https:\/\/montreal.wordcamp.org\/2018-fr\/wp-json\/wp\/v2\/pages\/148\/revisions\/2211"}],"wp:attachment":[{"href":"https:\/\/montreal.wordcamp.org\/2018-fr\/wp-json\/wp\/v2\/media?parent=148"}],"curies":[{"name":"wp","href":"https:\/\/api.w.org\/{rel}","templated":true}]}}