{"id":149,"date":"2017-04-26T14:05:59","date_gmt":"2017-04-26T18:05:59","guid":{"rendered":"https:\/\/2017-fr.montreal.wordcamp.org\/?page_id=13"},"modified":"2018-08-06T12:03:44","modified_gmt":"2018-08-06T16:03:44","slug":"billets","status":"publish","type":"page","link":"https:\/\/montreal.wordcamp.org\/2018-fr\/billets\/","title":{"rendered":"Billets"},"content":{"rendered":"<p><strong>COMPLET<\/strong><\/p>\n<p><strong>WordCamp ne vend aucun billet \u00e0 la porte.<\/strong> Veuillez noter qu\u2019<strong>aucun remboursement n\u2019est possible<\/strong>. Toute personne d&rsquo;\u00e2ge mineur doit \u00eatre accompagn\u00e9 d&rsquo;un parent en tout temps. Les inscriptions WordCamp comprennent les deux jours de l&rsquo;\u00e9v\u00e9nement, un d\u00eener et un cadeau. Nous ne pouvons garantir le choix du repas ni la taille du t-shirt pour les billets achet\u00e9s apr\u00e8s le 1er ao\u00fbt.<\/p>\n","protected":false},"excerpt":{"rendered":"<p>COMPLET WordCamp ne vend aucun billet \u00e0 la porte. Veuillez noter qu\u2019aucun remboursement n\u2019est possible. Toute personne d&rsquo;\u00e2ge mineur doit \u00eatre accompagn\u00e9 d&rsquo;un parent en tout temps. Les inscriptions WordCamp comprennent les deux jours de l&rsquo;\u00e9v\u00e9nement, un d\u00eener et un cadeau. Nous ne pouvons garantir le choix du repas ni la taille du t-shirt pour &hellip; <\/p>\n<p class=\"link-more\"><a href=\"https:\/\/montreal.wordcamp.org\/2018-fr\/billets\/\" class=\"more-link\">Continuer la lecture<span class=\"screen-reader-text\"> de &laquo;&nbsp;Billets&nbsp;&raquo;<\/span><\/a><\/p>\n","protected":false},"author":13996737,"featured_media":637,"parent":0,"menu_order":0,"comment_status":"closed","ping_status":"closed","template":"","meta":{"_crdt_document":"","jetpack_post_was_ever_published":false,"footnotes":""},"class_list":["post-149","page","type-page","status-publish","has-post-thumbnail","hentry"],"jetpack_sharing_enabled":true,"jetpack_shortlink":"https:\/\/wp.me\/P9tyM6-2p","_links":{"self":[{"href":"https:\/\/montreal.wordcamp.org\/2018-fr\/wp-json\/wp\/v2\/pages\/149","targetHints":{"allow":["GET"]}}],"collection":[{"href":"https:\/\/montreal.wordcamp.org\/2018-fr\/wp-json\/wp\/v2\/pages"}],"about":[{"href":"https:\/\/montreal.wordcamp.org\/2018-fr\/wp-json\/wp\/v2\/types\/page"}],"author":[{"embeddable":true,"href":"https:\/\/montreal.wordcamp.org\/2018-fr\/wp-json\/wp\/v2\/users\/13996737"}],"replies":[{"embeddable":true,"href":"https:\/\/montreal.wordcamp.org\/2018-fr\/wp-json\/wp\/v2\/comments?post=149"}],"version-history":[{"count":8,"href":"https:\/\/montreal.wordcamp.org\/2018-fr\/wp-json\/wp\/v2\/pages\/149\/revisions"}],"predecessor-version":[{"id":2279,"href":"https:\/\/montreal.wordcamp.org\/2018-fr\/wp-json\/wp\/v2\/pages\/149\/revisions\/2279"}],"wp:featuredmedia":[{"embeddable":true,"href":"https:\/\/montreal.wordcamp.org\/2018-fr\/wp-json\/wp\/v2\/media\/637"}],"wp:attachment":[{"href":"https:\/\/montreal.wordcamp.org\/2018-fr\/wp-json\/wp\/v2\/media?parent=149"}],"curies":[{"name":"wp","href":"https:\/\/api.w.org\/{rel}","templated":true}]}}