{"id":157,"date":"2017-04-26T13:51:24","date_gmt":"2017-04-26T17:51:24","guid":{"rendered":"https:\/\/2017-fr.montreal.wordcamp.org\/?page_id=60"},"modified":"2019-04-25T19:28:30","modified_gmt":"2019-04-25T19:28:30","slug":"accessibilite-et-diversite","status":"publish","type":"page","link":"https:\/\/montreal.wordcamp.org\/2019-fr\/accessibilite-et-diversite\/","title":{"rendered":"Accessibilit\u00e9 et diversit\u00e9"},"content":{"rendered":"<p>WordCamp Montr\u00e9al est fier de supporter la dignit\u00e9 et l\u2019ind\u00e9pendance de personnes de tous niveaux d\u2019habilet\u00e9.<\/p>\n<h3>Que faisons-nous?<\/h3>\n<p>Nous avons mis en place plusieurs mesures afin de rendre notre \u00e9v\u00e9nement accueillant pour les personnes aux prises avec diff\u00e9rents handicaps. Nous avons prioris\u00e9 les emplacements offrant un acc\u00e8s par fauteuil roulant et des ascenceurs pour les personnes \u00e0 mobilit\u00e9 r\u00e9duite. Nous avons fait des efforts afin de rendre notre site simple d\u2019utilisation pour ceux ayant des d\u00e9ficiences au niveau visuel, ou utilisant des lecteurs d\u2019\u00e9cran. Nous avons invit\u00e9 des personnes-ressources \u00e0 agir comme traducteurs b\u00e9n\u00e9voles pour ceux utilisant le langage des signes, et \u00e0 fournir de l\u2019assistance en g\u00e9n\u00e9ral avec les personnes ayant de la difficult\u00e9 \u00e0 se d\u00e9placer. Nous avons fr\u00e9quemment accueilli des conf\u00e9renciers \u00e0 partager leur exp\u00e9rience sur le sujet de l\u2019accessibilit\u00e9 dans le d\u00e9veloppement web, dans le but d\u2019am\u00e9liorer le niveau de connaissance de ce sujet important pour notre communaut\u00e9. Nous avons \u00e9galement rendues disponibles la plupart de nos conf\u00e9rences sur WordPress.tv, apr\u00e8s WordCamp, de telle fa\u00e7on que ceux qui ne pouvaient assister pourraient quand m\u00eame apprendre de notre \u00e9v\u00e9nement et participer \u00e0 la communaut\u00e9.<\/p>\n<h3>Comment pouvons-nous nous am\u00e9liorer?<\/h3>\n<p>Nous savons que nos efforts ne sont pas suffisants. Nous aimerions encourager les membres de notre communaut\u00e9 et les participants \u00e0 nos \u00e9v\u00e9nements \u00e0 nous laisser savoir ce que nous pouvons am\u00e9liorer. Quels services aimeriez-vous nous voir offrir? Quel type d\u2019aide est n\u00e9cessaire, mais que nous ne fournissons pas? Comment peut-on rendre notre communaut\u00e9 accueillante pour tous?<\/p>\n<h3>Comment obtenir de l\u2019aide?<\/h3>\n<p>Si vous aimeriez obtenir de l\u2019aide durant WordCamp, veuillez vous pr\u00e9senter au comptoir d\u2019enregistrement.<\/p>\n<h3>Comment puis-je aider?<\/h3>\n<p>Nous encourageons les b\u00e9n\u00e9voles qui aimeraient offrir de l\u2019aide pour de la traduction au langage des signes ou aider quelqu\u2019un \u00e0 mobilit\u00e9 r\u00e9duite <a href=\"https:\/\/2019-fr.montreal.wordcamp.org\/benevoles\/\" rel=\"nofollow\">\u00e0 devenir b\u00e9n\u00e9vole<\/a>.<\/p>\n<h2 class=\"sharedaddy sd-sharing-enabled\">Diversit\u00e9<\/h2>\n<div class=\"sharedaddy sd-sharing-enabled\"><\/div>\n<div class=\"sharedaddy sd-sharing-enabled\">\n<p>WordCamp Montr\u00e9al est fier d\u2019accueillir et c\u00e9l\u00e9brer la diversit\u00e9 au sein de notre communaut\u00e9.<\/p>\n<h3>Que faisons-nous?<\/h3>\n<p>Nous encourageons la participation \u00e0 notre communaut\u00e9 par des gens de diff\u00e9rent genre, orientations sexuelles, communaut\u00e9s linguistiques et ethno-culturelles, classe sociale, habilet\u00e9s techniques et physiques, \u00e2ge, et plus. Nous avons fais des efforts afin de refl\u00e9ter ceci au sein du comit\u00e9 organisateur, nos conf\u00e9renciers and les images utilis\u00e9es sur notre site web. Nous avons organis\u00e9 des conf\u00e9rences et sessions sur le sujet de la diversit\u00e9 dans la communaut\u00e9 WordPress et technique en g\u00e9n\u00e9ral afin de mettre en lumi\u00e8re \u00e0 un auditoire plus grand ces sujets importants. Nous avons \u00e9galement offert de la formation aux conf\u00e9renciers afin de promouvoir de nouvelles voix \u00e0 nos \u00e9v\u00e9nements. Nous avons b\u00e2ti des liens avec plusieurs groupes \u0153uvrant \u00e0 des buts similaires. Nous avons institu\u00e9 un <a href=\"https:\/\/2019-fr.montreal.wordcamp.org\/code-de-deontologie\/\" rel=\"nofollow\">code de conduite<\/a> qui s\u2019applique \u00e0 tous nos \u00e9v\u00e9nements afin de mettre de l\u2019avant un climat sain et un environnement accueillant.<\/p>\n<h3>Comment pouvons-nous nous am\u00e9liorer?<\/h3>\n<p>Nous reconnaissons que nous \u00e9chouons parfois dans nos efforts. Nous aimerions encourager les membres de notre communaut\u00e9 et les gens qui participent \u00e0 nos \u00e9v\u00e9nements \u00e0 nous laisser savoir ce qu\u2019on peut am\u00e9liorer. Quels services aimeriez-vous voir offerts? Comment peut-on rendre notre communaut\u00e9 plus accueillante pour tous?<\/p>\n<\/div>\n","protected":false},"excerpt":{"rendered":"<p>WordCamp Montr\u00e9al est fier de supporter la dignit\u00e9 et l\u2019ind\u00e9pendance de personnes de tous niveaux d\u2019habilet\u00e9. Que faisons-nous? Nous avons mis en place plusieurs mesures afin de rendre notre \u00e9v\u00e9nement accueillant pour les personnes aux prises avec diff\u00e9rents handicaps. Nous avons prioris\u00e9 les emplacements offrant un acc\u00e8s par fauteuil roulant et des ascenceurs pour les &hellip; <a href=\"https:\/\/montreal.wordcamp.org\/2019-fr\/accessibilite-et-diversite\/\" class=\"more-link\">Continuer la lecture de <span class=\"screen-reader-text\">Accessibilit\u00e9 et diversit\u00e9<\/span><\/a><\/p>\n","protected":false},"author":14231116,"featured_media":2380,"parent":0,"menu_order":0,"comment_status":"closed","ping_status":"closed","template":"","meta":{"jetpack_post_was_ever_published":false,"footnotes":""},"class_list":["post-157","page","type-page","status-publish","has-post-thumbnail","hentry"],"jetpack_sharing_enabled":true,"_links":{"self":[{"href":"https:\/\/montreal.wordcamp.org\/2019-fr\/wp-json\/wp\/v2\/pages\/157","targetHints":{"allow":["GET"]}}],"collection":[{"href":"https:\/\/montreal.wordcamp.org\/2019-fr\/wp-json\/wp\/v2\/pages"}],"about":[{"href":"https:\/\/montreal.wordcamp.org\/2019-fr\/wp-json\/wp\/v2\/types\/page"}],"author":[{"embeddable":true,"href":"https:\/\/montreal.wordcamp.org\/2019-fr\/wp-json\/wp\/v2\/users\/14231116"}],"replies":[{"embeddable":true,"href":"https:\/\/montreal.wordcamp.org\/2019-fr\/wp-json\/wp\/v2\/comments?post=157"}],"version-history":[{"count":3,"href":"https:\/\/montreal.wordcamp.org\/2019-fr\/wp-json\/wp\/v2\/pages\/157\/revisions"}],"predecessor-version":[{"id":2381,"href":"https:\/\/montreal.wordcamp.org\/2019-fr\/wp-json\/wp\/v2\/pages\/157\/revisions\/2381"}],"wp:featuredmedia":[{"embeddable":true,"href":"https:\/\/montreal.wordcamp.org\/2019-fr\/wp-json\/wp\/v2\/media\/2380"}],"wp:attachment":[{"href":"https:\/\/montreal.wordcamp.org\/2019-fr\/wp-json\/wp\/v2\/media?parent=157"}],"curies":[{"name":"wp","href":"https:\/\/api.w.org\/{rel}","templated":true}]}}