{"id":158,"date":"2017-04-26T14:06:44","date_gmt":"2017-04-26T18:06:44","guid":{"rendered":"https:\/\/2017-fr.montreal.wordcamp.org\/?page_id=71"},"modified":"2019-04-26T17:19:50","modified_gmt":"2019-04-26T17:19:50","slug":"commanditaires","status":"publish","type":"page","link":"https:\/\/montreal.wordcamp.org\/2019-fr\/commanditaires\/","title":{"rendered":"Merci \u00e0 nos commanditaires !"},"content":{"rendered":"<p>Vous souhaitez\u00a0devenir\u00a0commanditaire?<\/p>\n<p>Consultez n<a href=\"https:\/\/2018-fr.montreal.wordcamp.org\/commanditaires\/devenez-commanditaire\/\" rel=\"nofollow\">otre page<\/a> sur comment commanditer WordCamp et participer \u00e0 cet \u00e9v\u00e9nement !<\/p>\n<p><!--more--><\/p>\n\n\t<div class=\"wcorg-sponsors\">\n\t\t\n\t\t\t<div class=\"wcorg-sponsor-level-or\">\n\t\t\t\t<h2>Or<\/h2>\n\n\t\t\t\t\n\t\t\t\t\t<div id=\"wcorg-sponsor-2478\" class=\"wcorg-sponsor\">\n\t\t\t\t\t\t\t\t\t\t\t\t\t\t\t\t\t\t\t\t\t<h3>\n\t\t\t\t\t\t\t\t\tWooCommerce\t\t\t\t\t\t\t\t<\/h3>\n\t\t\t\t\t\t\t\t\t\t\t\t\t\n\t\t\t\t\t\t<div class=\"wcorg-sponsor-description\">\n\t\t\t\t\t\t\t\t\t\t\t\t\t\t\t<img loading=\"lazy\" decoding=\"async\" width=\"432\" height=\"87\" src=\"https:\/\/montreal.wordcamp.org\/2019-fr\/files\/2017\/12\/woocommerce_logo.png\" class=\"attachment-wcb-sponsor-logo-horizontal-2x size-wcb-sponsor-logo-horizontal-2x wp-post-image\" alt=\"WooCommerce\" srcset=\"https:\/\/montreal.wordcamp.org\/2019-fr\/files\/2017\/12\/woocommerce_logo.png 432w, https:\/\/montreal.wordcamp.org\/2019-fr\/files\/2017\/12\/woocommerce_logo-300x60.png 300w\" sizes=\"auto, (max-width: 432px) 100vw, 432px\" \/>\t\t\t\t\t\t\t\n\t\t\t\t\t\t\t\t\t\t\t\t\t\t\t\t\t\t\t\t\t\t\t\t\t\t\t\t<\/div>\n\t\t\t\t\t<\/div><!-- #sponsor -->\n\t\t\t\t\n\t\t\t\t\t<div id=\"wcorg-sponsor-2480\" class=\"wcorg-sponsor\">\n\t\t\t\t\t\t\t\t\t\t\t\t\t\t\t\t\t\t\t\t\t<h3>\n\t\t\t\t\t\t\t\t\tJetpack\t\t\t\t\t\t\t\t<\/h3>\n\t\t\t\t\t\t\t\t\t\t\t\t\t\n\t\t\t\t\t\t<div class=\"wcorg-sponsor-description\">\n\t\t\t\t\t\t\t\t\t\t\t\t\t\t\t<img loading=\"lazy\" decoding=\"async\" width=\"1200\" height=\"420\" src=\"https:\/\/montreal.wordcamp.org\/2019-fr\/files\/2017\/12\/jetpack-horizontal-transparent-.png\" class=\"attachment-wcb-sponsor-logo-horizontal-2x size-wcb-sponsor-logo-horizontal-2x wp-post-image\" alt=\"Jetpack\" srcset=\"https:\/\/montreal.wordcamp.org\/2019-fr\/files\/2017\/12\/jetpack-horizontal-transparent-.png 1200w, https:\/\/montreal.wordcamp.org\/2019-fr\/files\/2017\/12\/jetpack-horizontal-transparent--300x105.png 300w, https:\/\/montreal.wordcamp.org\/2019-fr\/files\/2017\/12\/jetpack-horizontal-transparent--768x269.png 768w, https:\/\/montreal.wordcamp.org\/2019-fr\/files\/2017\/12\/jetpack-horizontal-transparent--1024x358.png 1024w, https:\/\/montreal.wordcamp.org\/2019-fr\/files\/2017\/12\/jetpack-horizontal-transparent--500x175.png 500w\" sizes=\"auto, (max-width: 1200px) 100vw, 1200px\" \/>\t\t\t\t\t\t\t\n\t\t\t\t\t\t\t\t\t\t\t\t\t\t\t\t\t\t\t\t\t\t\t\t\t\t\t\t<\/div>\n\t\t\t\t\t<\/div><!-- #sponsor -->\n\t\t\t\t\n\t\t\t\t\t<div id=\"wcorg-sponsor-2482\" class=\"wcorg-sponsor\">\n\t\t\t\t\t\t\t\t\t\t\t\t\t\t\t\t\t\t\t\t\t<h3>\n\t\t\t\t\t\t\t\t\tLiquid Web\t\t\t\t\t\t\t\t<\/h3>\n\t\t\t\t\t\t\t\t\t\t\t\t\t\n\t\t\t\t\t\t<div class=\"wcorg-sponsor-description\">\n\t\t\t\t\t\t\t\t\t\t\t\t\t\t\t<img loading=\"lazy\" decoding=\"async\" width=\"300\" height=\"198\" src=\"https:\/\/montreal.wordcamp.org\/2019-fr\/files\/2019\/06\/LW-Logo-Stacked_300w-300x198.png\" class=\"attachment-wcb-sponsor-logo-horizontal-2x size-wcb-sponsor-logo-horizontal-2x wp-post-image\" alt=\"Liquid Web\" \/>\t\t\t\t\t\t\t\n\t\t\t\t\t\t\t\t\t\t\t\t\t\t\t\t\t\t\t\t\t\t\t\t\t\t\t\t<\/div>\n\t\t\t\t\t<\/div><!-- #sponsor -->\n\t\t\t\t\n\t\t\t\t\t<div id=\"wcorg-sponsor-2485\" class=\"wcorg-sponsor\">\n\t\t\t\t\t\t\t\t\t\t\t\t\t\t\t\t\t\t\t\t\t<h3>\n\t\t\t\t\t\t\t\t\tBluehost\t\t\t\t\t\t\t\t<\/h3>\n\t\t\t\t\t\t\t\t\t\t\t\t\t\n\t\t\t\t\t\t<div class=\"wcorg-sponsor-description\">\n\t\t\t\t\t\t\t\t\t\t\t\t\t\t\t<img loading=\"lazy\" decoding=\"async\" width=\"651\" height=\"137\" src=\"https:\/\/montreal.wordcamp.org\/2019-fr\/files\/2017\/12\/bh_logo_2015.png\" class=\"attachment-wcb-sponsor-logo-horizontal-2x size-wcb-sponsor-logo-horizontal-2x wp-post-image\" alt=\"Bluehost\" srcset=\"https:\/\/montreal.wordcamp.org\/2019-fr\/files\/2017\/12\/bh_logo_2015.png 651w, https:\/\/montreal.wordcamp.org\/2019-fr\/files\/2017\/12\/bh_logo_2015-300x63.png 300w, https:\/\/montreal.wordcamp.org\/2019-fr\/files\/2017\/12\/bh_logo_2015-500x105.png 500w\" sizes=\"auto, (max-width: 651px) 100vw, 651px\" \/>\t\t\t\t\t\t\t\n\t\t\t\t\t\t\t\t\t\t\t\t\t\t\t\t\t\t\t\t\t\t\t\t\t\t\t\t<\/div>\n\t\t\t\t\t<\/div><!-- #sponsor -->\n\t\t\t\t\n\t\t\t\t\t<div id=\"wcorg-sponsor-2509\" class=\"wcorg-sponsor\">\n\t\t\t\t\t\t\t\t\t\t\t\t\t\t\t\t\t\t\t\t\t<h3>\n\t\t\t\t\t\t\t\t\tPantheon\t\t\t\t\t\t\t\t<\/h3>\n\t\t\t\t\t\t\t\t\t\t\t\t\t\n\t\t\t\t\t\t<div class=\"wcorg-sponsor-description\">\n\t\t\t\t\t\t\t\t\t\t\t\t\t\t\t<img loading=\"lazy\" decoding=\"async\" width=\"480\" height=\"177\" src=\"https:\/\/montreal.wordcamp.org\/2019-fr\/files\/2019\/06\/Pantheon_Color_clear.png\" class=\"attachment-wcb-sponsor-logo-horizontal-2x size-wcb-sponsor-logo-horizontal-2x wp-post-image\" alt=\"Pantheon\" srcset=\"https:\/\/montreal.wordcamp.org\/2019-fr\/files\/2019\/06\/Pantheon_Color_clear.png 480w, https:\/\/montreal.wordcamp.org\/2019-fr\/files\/2019\/06\/Pantheon_Color_clear-300x111.png 300w\" sizes=\"auto, (max-width: 480px) 100vw, 480px\" \/>\t\t\t\t\t\t\t\n\t\t\t\t\t\t\t\t\t\t\t\t\t\t\t\t\t\t\t\t\t\t\t\t\t\t\t\t<\/div>\n\t\t\t\t\t<\/div><!-- #sponsor -->\n\t\t\t\t\n\t\t\t\t\t<div id=\"wcorg-sponsor-2767\" class=\"wcorg-sponsor\">\n\t\t\t\t\t\t\t\t\t\t\t\t\t\t\t\t\t\t\t\t\t<h3>\n\t\t\t\t\t\t\t\t\tH\u00e9bergement Web Canada\t\t\t\t\t\t\t\t<\/h3>\n\t\t\t\t\t\t\t\t\t\t\t\t\t\n\t\t\t\t\t\t<div class=\"wcorg-sponsor-description\">\n\t\t\t\t\t\t\t\t\t\t\t\t\t\t\t<img loading=\"lazy\" decoding=\"async\" width=\"792\" height=\"277\" src=\"https:\/\/montreal.wordcamp.org\/2019-fr\/files\/2019\/07\/Logo_FR-blanc.png\" class=\"attachment-wcb-sponsor-logo-horizontal-2x size-wcb-sponsor-logo-horizontal-2x wp-post-image\" alt=\"H\u00e9bergement Web Canada\" srcset=\"https:\/\/montreal.wordcamp.org\/2019-fr\/files\/2019\/07\/Logo_FR-blanc.png 792w, https:\/\/montreal.wordcamp.org\/2019-fr\/files\/2019\/07\/Logo_FR-blanc-300x105.png 300w, https:\/\/montreal.wordcamp.org\/2019-fr\/files\/2019\/07\/Logo_FR-blanc-768x269.png 768w, https:\/\/montreal.wordcamp.org\/2019-fr\/files\/2019\/07\/Logo_FR-blanc-500x175.png 500w\" sizes=\"auto, (max-width: 792px) 100vw, 792px\" \/>\t\t\t\t\t\t\t\n\t\t\t\t\t\t\t\t\t\t\t\t\t\t\t\n<h2 class=\"wp-block-heading\"><\/h2>\n\n\n\n<p><a href=\"https:\/\/whc.ca\/\" rel=\"nofollow\">H\u00e9bergement Web Canada<\/a> (WHC) est une soci\u00e9t\u00e9 de technologie bas\u00e9e \u00e0 Montr\u00e9al. Nous sommes une \u00e9quipe de professionnels du web, travaillant ensemble pour aider les petites entreprises canadiennes \u00e0 s\u2019\u00e9tablir et \u00e0 r\u00e9ussir en ligne. Avec plus de 30 000 clients actifs, WHC est l\u2019une des entreprises web avec la plus forte croissance au Canada.<\/p>\n\n\n\n<p>L\u2019ann\u00e9e derni\u00e8re, nous annoncions le lancement de l\u2019<a href=\"https:\/\/whc.ca\/hebergement-wordpress\/\" rel=\"nofollow\">H\u00e9bergement WordPress<\/a>, une solution parmi les plus rapides et abordables au Canada. Cet \u00e9t\u00e9, nous faisons \u00e9voluer ce service davantage, avec un nouveau syst\u00e8me de staging pour d\u00e9ployer vos changements rapidement et en toute s\u00e9curit\u00e9.<\/p>\n\n\n\n<p>En plus de l\u2019h\u00e9bergement WordPress, H\u00e9bergement Web Canada propose:<\/p>\n\n\n\n<ul class=\"wp-block-list\"><li>Un <a href=\"https:\/\/whc.ca\/hebergement-sites-web\" rel=\"nofollow\">H\u00e9bergement Web<\/a> optimis\u00e9, h\u00e9berg\u00e9 \u00e0 100% au Canada<\/li><li>Des <a href=\"https:\/\/whc.ca\/serveurs-cloud-canadiens\" rel=\"nofollow\">serveurs Cloud infog\u00e9r\u00e9s<\/a> avec cPanel et un acc\u00e8s root complet<\/li><li><a href=\"https:\/\/whc.ca\/serveurs-dedies\" rel=\"nofollow\">Serveurs D\u00e9di\u00e9s<\/a> pour un contr\u00f4le in\u00e9gal\u00e9<\/li><li>Plus de 400 extensions de <a href=\"https:\/\/whc.ca\/noms-de-domaine\/recherche\" rel=\"nofollow\">noms de domaines<\/a><\/li><li>DNS Anycast, Cr\u00e9ateurs web, Marketing par courriel, SSL et plus!<\/li><li>Assistance experte 24\/7 par t\u00e9l\u00e9phone, clavardage et courriel<\/li><\/ul>\n\n\n\n<p>WHC est un registraire agr\u00e9\u00e9 par l\u2019Autorit\u00e9 Canadienne des Enregistrements Internet (ACEI), un partenaire officiel de cPanel, CloudLinux et SpamExperts et se classe r\u00e9guli\u00e8rement comme le <a href=\"https:\/\/whc.ca\/noms-de-domaine\/recherche\" rel=\"nofollow\">fournisseur de domaines #1<\/a> par le registre des domaines .CA.<\/p>\n\n\n\n<p>Nous sommes fiers d\u2019encourager les initiatives communautaires de WordPress en tant que commanditaires Or \u00e0 l\u2019\u00e9v\u00e8nement WordCamp de Montr\u00e9al. Venez nous voir \u00e0 notre kiosque pour une d\u00e9monstration de nos solutions, pour parler \u00e0 un expert, ou simplement pour dire bonjour!&nbsp;<\/p>\n\n\n\n<p>Nous vous attendons en grand nombre \u00e0 WordCamp Montr\u00e9al 2019!<\/p>\n\n\n\n<p><\/p>\n\t\t\t\t\t\t\t\t\t\t\t\t\t<\/div>\n\t\t\t\t\t<\/div><!-- #sponsor -->\n\t\t\t\t\n\t\t\t\t\t<div id=\"wcorg-sponsor-3088\" class=\"wcorg-sponsor\">\n\t\t\t\t\t\t\t\t\t\t\t\t\t\t\t\t\t\t\t\t\t<h3>\n\t\t\t\t\t\t\t\t\tWP Engine\t\t\t\t\t\t\t\t<\/h3>\n\t\t\t\t\t\t\t\t\t\t\t\t\t\n\t\t\t\t\t\t<div class=\"wcorg-sponsor-description\">\n\t\t\t\t\t\t\t\t\t\t\t\t\t\t\t<img loading=\"lazy\" decoding=\"async\" width=\"888\" height=\"169\" src=\"https:\/\/montreal.wordcamp.org\/2019-fr\/files\/2019\/08\/wpengine.png\" class=\"attachment-wcb-sponsor-logo-horizontal-2x size-wcb-sponsor-logo-horizontal-2x wp-post-image\" alt=\"WP Engine\" srcset=\"https:\/\/montreal.wordcamp.org\/2019-fr\/files\/2019\/08\/wpengine.png 888w, https:\/\/montreal.wordcamp.org\/2019-fr\/files\/2019\/08\/wpengine-300x57.png 300w, https:\/\/montreal.wordcamp.org\/2019-fr\/files\/2019\/08\/wpengine-768x146.png 768w, https:\/\/montreal.wordcamp.org\/2019-fr\/files\/2019\/08\/wpengine-500x95.png 500w\" sizes=\"auto, (max-width: 888px) 100vw, 888px\" \/>\t\t\t\t\t\t\t\n\t\t\t\t\t\t\t\t\t\t\t\t\t\t\t\t\t\t\t\t\t\t\t\t\t\t\t\t<\/div>\n\t\t\t\t\t<\/div><!-- #sponsor -->\n\t\t\t\t\t\t\t<\/div><!-- .wcorg-sponsor-level -->\n\t\t\n\t\t\t<div class=\"wcorg-sponsor-level-argent\">\n\t\t\t\t<h2>Argent<\/h2>\n\n\t\t\t\t\n\t\t\t\t\t<div id=\"wcorg-sponsor-2487\" class=\"wcorg-sponsor\">\n\t\t\t\t\t\t\t\t\t\t\t\t\t\t\t\t\t\t\t\t\t<h3>\n\t\t\t\t\t\t\t\t\tGoDaddy\t\t\t\t\t\t\t\t<\/h3>\n\t\t\t\t\t\t\t\t\t\t\t\t\t\n\t\t\t\t\t\t<div class=\"wcorg-sponsor-description\">\n\t\t\t\t\t\t\t\t\t\t\t\t\t\t\t<img loading=\"lazy\" decoding=\"async\" width=\"451\" height=\"150\" src=\"https:\/\/montreal.wordcamp.org\/2019-fr\/files\/2019\/06\/GD_WORDMARK_RGB_BLACK_WORDMARK_RGB_BLACK.png\" class=\"attachment-wcb-sponsor-logo-horizontal-2x size-wcb-sponsor-logo-horizontal-2x wp-post-image\" alt=\"GoDaddy\" srcset=\"https:\/\/montreal.wordcamp.org\/2019-fr\/files\/2019\/06\/GD_WORDMARK_RGB_BLACK_WORDMARK_RGB_BLACK.png 451w, https:\/\/montreal.wordcamp.org\/2019-fr\/files\/2019\/06\/GD_WORDMARK_RGB_BLACK_WORDMARK_RGB_BLACK-300x100.png 300w\" sizes=\"auto, (max-width: 451px) 100vw, 451px\" \/>\t\t\t\t\t\t\t\n\t\t\t\t\t\t\t\t\t\t\t\t\t\t\t\t\t\t\t\t\t\t\t\t\t\t\t\t<\/div>\n\t\t\t\t\t<\/div><!-- #sponsor -->\n\t\t\t\t\n\t\t\t\t\t<div id=\"wcorg-sponsor-2490\" class=\"wcorg-sponsor\">\n\t\t\t\t\t\t\t\t\t\t\t\t\t\t\t\t\t\t\t\t\t<h3>\n\t\t\t\t\t\t\t\t\tGreenGeeks\t\t\t\t\t\t\t\t<\/h3>\n\t\t\t\t\t\t\t\t\t\t\t\t\t\n\t\t\t\t\t\t<div class=\"wcorg-sponsor-description\">\n\t\t\t\t\t\t\t\t\t\t\t\t\t\t\t<img loading=\"lazy\" decoding=\"async\" width=\"505\" height=\"100\" src=\"https:\/\/montreal.wordcamp.org\/2019-fr\/files\/2019\/06\/2017-GreenGeeks-logo-CMYK-black-type.png\" class=\"attachment-wcb-sponsor-logo-horizontal-2x size-wcb-sponsor-logo-horizontal-2x wp-post-image\" alt=\"GreenGeeks\" srcset=\"https:\/\/montreal.wordcamp.org\/2019-fr\/files\/2019\/06\/2017-GreenGeeks-logo-CMYK-black-type.png 505w, https:\/\/montreal.wordcamp.org\/2019-fr\/files\/2019\/06\/2017-GreenGeeks-logo-CMYK-black-type-300x59.png 300w, https:\/\/montreal.wordcamp.org\/2019-fr\/files\/2019\/06\/2017-GreenGeeks-logo-CMYK-black-type-500x99.png 500w\" sizes=\"auto, (max-width: 505px) 100vw, 505px\" \/>\t\t\t\t\t\t\t\n\t\t\t\t\t\t\t\t\t\t\t\t\t\t\t\t\t\t\t\t\t\t\t\t\t\t\t\t<\/div>\n\t\t\t\t\t<\/div><!-- #sponsor -->\n\t\t\t\t\n\t\t\t\t\t<div id=\"wcorg-sponsor-2858\" class=\"wcorg-sponsor\">\n\t\t\t\t\t\t\t\t\t\t\t\t\t\t\t\t\t\t\t\t\t<h3>\n\t\t\t\t\t\t\t\t\tVortex Solution\t\t\t\t\t\t\t\t<\/h3>\n\t\t\t\t\t\t\t\t\t\t\t\t\t\n\t\t\t\t\t\t<div class=\"wcorg-sponsor-description\">\n\t\t\t\t\t\t\t\t\t\t\t\t\t\t\t<img loading=\"lazy\" decoding=\"async\" width=\"840\" height=\"240\" src=\"https:\/\/montreal.wordcamp.org\/2019-fr\/files\/2019\/07\/1311-logo-vortex.jpg\" class=\"attachment-wcb-sponsor-logo-horizontal-2x size-wcb-sponsor-logo-horizontal-2x wp-post-image\" alt=\"Vortex Solution\" srcset=\"https:\/\/montreal.wordcamp.org\/2019-fr\/files\/2019\/07\/1311-logo-vortex.jpg 840w, https:\/\/montreal.wordcamp.org\/2019-fr\/files\/2019\/07\/1311-logo-vortex-300x86.jpg 300w, https:\/\/montreal.wordcamp.org\/2019-fr\/files\/2019\/07\/1311-logo-vortex-768x219.jpg 768w, https:\/\/montreal.wordcamp.org\/2019-fr\/files\/2019\/07\/1311-logo-vortex-500x143.jpg 500w\" sizes=\"auto, (max-width: 840px) 100vw, 840px\" \/>\t\t\t\t\t\t\t\n\t\t\t\t\t\t\t\t\t\t\t\t\t\t\t\n<p>Vortex\n Solution, c\u2019est plus de 80 sp\u00e9cialistes du Web travaillant \u00e0 une seule \net m\u00eame adresse pour vous offrir des services cl\u00e9 en main. Nous \nconcevons\n des sites Web, nous \u00e9laborons des strat\u00e9gies de Marketing Web et nous \noffrons des services d\u2019h\u00e9bergement Web \u00e0 la fine pointe de la \ntechnologie.\n<\/p>\n\n\n\n<p>Nous avons une \u00e9quipe stable de&nbsp;<strong>programmeurs Internet<\/strong><strong>,<\/strong>\n de gestionnaires de projets Internet, de graphistes, de gestionnaires \nde bases de donn\u00e9es et d&rsquo;ergonomes. Cette \u00e9quipe multidisciplinaire est \nen mesure d&rsquo;offrir la diversit\u00e9 d&rsquo;expertise requise pour mener \u00e0 bien \nvotre projet Internet. Vortex Solution compte\n plus de 80 employ\u00e9s dans ses diverses divisions.<\/p>\n\n\n\n<p>\n<strong>Vortex Solution, la grande entreprise qui reste petite dans son c\u0153ur<\/strong><\/p>\n\n\n\n<p>\n\u00b7\nNous sommes une \u00e9quipe unie et ouverte \u00e0 la communication<\/p>\n\n\n\n<p>\n\u00b7\nNous travaillons dans le respect, le plaisir et le calme, avec un brin de folie<\/p>\n\n\n\n<p>\n\u00b7\nNous sommes imputables de notre code, de nos r\u00e9alisations, de notre attitude et de nos clients<\/p>\n\n\n\n<p>\n\u00b7\nNous sommes productifs et cr\u00e9atifs et des mordus de technologie<\/p>\n\n\n\n<p>\n\u00b7\nNotre force, c\u2019est notre \u00e9quipe<\/p>\n\n\n\n<p>\n\u00b7\nNotre raison d\u2019\u00eatre, ce sont nos clients!<\/p>\n\t\t\t\t\t\t\t\t\t\t\t\t\t<\/div>\n\t\t\t\t\t<\/div><!-- #sponsor -->\n\t\t\t\t\t\t\t<\/div><!-- .wcorg-sponsor-level -->\n\t\t\n\t\t\t<div class=\"wcorg-sponsor-level-bronze\">\n\t\t\t\t<h2>Bronze<\/h2>\n\n\t\t\t\t\n\t\t\t\t\t<div id=\"wcorg-sponsor-2494\" class=\"wcorg-sponsor\">\n\t\t\t\t\t\t\t\t\t\t\t\t\t\t\t\t\t\t\t\t\t<h3>\n\t\t\t\t\t\t\t\t\tDreamHost\t\t\t\t\t\t\t\t<\/h3>\n\t\t\t\t\t\t\t\t\t\t\t\t\t\n\t\t\t\t\t\t<div class=\"wcorg-sponsor-description\">\n\t\t\t\t\t\t\t\t\t\t\t\t\t\t\t<img loading=\"lazy\" decoding=\"async\" width=\"640\" height=\"121\" src=\"https:\/\/montreal.wordcamp.org\/2019-fr\/files\/2019\/06\/DreamHost-new-logo.png\" class=\"attachment-wcb-sponsor-logo-horizontal-2x size-wcb-sponsor-logo-horizontal-2x wp-post-image\" alt=\"DreamHost\" srcset=\"https:\/\/montreal.wordcamp.org\/2019-fr\/files\/2019\/06\/DreamHost-new-logo.png 640w, https:\/\/montreal.wordcamp.org\/2019-fr\/files\/2019\/06\/DreamHost-new-logo-300x57.png 300w, https:\/\/montreal.wordcamp.org\/2019-fr\/files\/2019\/06\/DreamHost-new-logo-500x95.png 500w\" sizes=\"auto, (max-width: 640px) 100vw, 640px\" \/>\t\t\t\t\t\t\t\n\t\t\t\t\t\t\t\t\t\t\t\t\t\t\t\t\t\t\t\t\t\t\t\t\t\t\t\t<\/div>\n\t\t\t\t\t<\/div><!-- #sponsor -->\n\t\t\t\t\n\t\t\t\t\t<div id=\"wcorg-sponsor-2497\" class=\"wcorg-sponsor\">\n\t\t\t\t\t\t\t\t\t\t\t\t\t\t\t\t\t\t\t\t\t<h3>\n\t\t\t\t\t\t\t\t\tKinsta\t\t\t\t\t\t\t\t<\/h3>\n\t\t\t\t\t\t\t\t\t\t\t\t\t\n\t\t\t\t\t\t<div class=\"wcorg-sponsor-description\">\n\t\t\t\t\t\t\t\t\t\t\t\t\t\t\t<img loading=\"lazy\" decoding=\"async\" width=\"504\" height=\"100\" src=\"https:\/\/montreal.wordcamp.org\/2019-fr\/files\/2019\/06\/kinsta-logo-alpha-purple.png\" class=\"attachment-wcb-sponsor-logo-horizontal-2x size-wcb-sponsor-logo-horizontal-2x wp-post-image\" alt=\"Kinsta\" srcset=\"https:\/\/montreal.wordcamp.org\/2019-fr\/files\/2019\/06\/kinsta-logo-alpha-purple.png 504w, https:\/\/montreal.wordcamp.org\/2019-fr\/files\/2019\/06\/kinsta-logo-alpha-purple-300x60.png 300w, https:\/\/montreal.wordcamp.org\/2019-fr\/files\/2019\/06\/kinsta-logo-alpha-purple-500x99.png 500w\" sizes=\"auto, (max-width: 504px) 100vw, 504px\" \/>\t\t\t\t\t\t\t\n\t\t\t\t\t\t\t\t\t\t\t\t\t\t\t<div>Kinsta a \u00e9t\u00e9 fond\u00e9 en 2013 avec le d\u00e9sir de cr\u00e9er la meilleure plateforme d\u2019h\u00e9bergement WordPress au monde avec un support 24x7x365. Nous sommes des d\u00e9veloppeurs WordPress chevronn\u00e9s et fournissons un h\u00e9bergement WordPress g\u00e9r\u00e9 recommand\u00e9 et optimis\u00e9 par la plateforme Google Cloud et son r\u00e9seau premium pour garantir des temps de chargement extr\u00eamement rapides. Choisissez parmi 20 centres de donn\u00e9es pour chacun de vos sites, avec le CDN inclus, et des outils pour le d\u00e9veloppement comme SSH, Git, WP-CLI et Composer.<\/div>\n<div><\/div>\n<div>Kinsta utilise des h\u00f4tes g\u00e9r\u00e9s par LXD et des conteneurs logiciels LXC orchestr\u00e9s pour isoler chaque site dans un conteneur s\u00e9par\u00e9, qui poss\u00e8de toutes les ressources 100% priv\u00e9es n\u00e9cessaires \u00e0 son fonctionnement (Linux, Nginx, PHP, MySQL).<\/div>\n<div><\/div>\n<div>Venez <a href=\"https:\/\/kinsta.com\/fr\/\" rel=\"nofollow\">d\u00e9couvrir la diff\u00e9rence Kinsta<\/a>.<\/div>\n\t\t\t\t\t\t\t\t\t\t\t\t\t<\/div>\n\t\t\t\t\t<\/div><!-- #sponsor -->\n\t\t\t\t\t\t\t<\/div><!-- .wcorg-sponsor-level -->\n\t\t\n\t\t\t<div class=\"wcorg-sponsor-level-wifi\">\n\t\t\t\t<h2>WiFi<\/h2>\n\n\t\t\t\t\n\t\t\t\t\t<div id=\"wcorg-sponsor-2971\" class=\"wcorg-sponsor\">\n\t\t\t\t\t\t\t\t\t\t\t\t\t\t\t\t\t\t\t\t\t<h3>\n\t\t\t\t\t\t\t\t\tSiteGround\t\t\t\t\t\t\t\t<\/h3>\n\t\t\t\t\t\t\t\t\t\t\t\t\t\n\t\t\t\t\t\t<div class=\"wcorg-sponsor-description\">\n\t\t\t\t\t\t\t\t\t\t\t\t\t\t\t<img loading=\"lazy\" decoding=\"async\" width=\"1134\" height=\"686\" src=\"https:\/\/montreal.wordcamp.org\/2019-fr\/files\/2019\/07\/siteground-2.png\" class=\"attachment-wcb-sponsor-logo-horizontal-2x size-wcb-sponsor-logo-horizontal-2x wp-post-image\" alt=\"SiteGround\" srcset=\"https:\/\/montreal.wordcamp.org\/2019-fr\/files\/2019\/07\/siteground-2.png 1134w, https:\/\/montreal.wordcamp.org\/2019-fr\/files\/2019\/07\/siteground-2-300x181.png 300w, https:\/\/montreal.wordcamp.org\/2019-fr\/files\/2019\/07\/siteground-2-768x465.png 768w, https:\/\/montreal.wordcamp.org\/2019-fr\/files\/2019\/07\/siteground-2-1024x619.png 1024w, https:\/\/montreal.wordcamp.org\/2019-fr\/files\/2019\/07\/siteground-2-496x300.png 496w\" sizes=\"auto, (max-width: 1134px) 100vw, 1134px\" \/>\t\t\t\t\t\t\t\n\t\t\t\t\t\t\t\t\t\t\t\t\t\t\t<p><a href=\"http:\/\/www.siteground.com\" rel=\"nofollow\">SiteGround hosting<\/a> is your ticket to a high-performance website that\u2019s easy to manage. Our sophisticated hosting solutions are crafted for personal websites, online businesses, and enterprise projects and come with <a href=\"https:\/\/www.siteground.com\/wordpress-hosting.htm\" rel=\"nofollow\">WordPress-specific<\/a> features customers love. Getting started, migrating a site, optimizing web performance, and managing a healthy website has never been easier thanks to smart in-house tools designed for busy WordPress webmasters.<\/p>\n<p>Since 2004, we empower people to build better, faster, and safer websites by managing the hosting for them. Our mission to power awesome websites is why SiteGround is actively involved in the WordPress community and WordCamps at a global scale.<\/p>\n\t\t\t\t\t\t\t\t\t\t\t\t\t<\/div>\n\t\t\t\t\t<\/div><!-- #sponsor -->\n\t\t\t\t\t\t\t<\/div><!-- .wcorg-sponsor-level -->\n\t\t\n\t\t\t<div class=\"wcorg-sponsor-level-salle\">\n\t\t\t\t<h2>Salle<\/h2>\n\n\t\t\t\t\n\t\t\t\t\t<div id=\"wcorg-sponsor-2855\" class=\"wcorg-sponsor\">\n\t\t\t\t\t\t\t\t\t\t\t\t\t\t\t\t\t\t\t\t\t<h3>\n\t\t\t\t\t\t\t\t\tSatelliteWP\t\t\t\t\t\t\t\t<\/h3>\n\t\t\t\t\t\t\t\t\t\t\t\t\t\n\t\t\t\t\t\t<div class=\"wcorg-sponsor-description\">\n\t\t\t\t\t\t\t\t\t\t\t\t\t\t\t<img loading=\"lazy\" decoding=\"async\" width=\"808\" height=\"150\" src=\"https:\/\/montreal.wordcamp.org\/2019-fr\/files\/2019\/07\/satellitewp.png\" class=\"attachment-wcb-sponsor-logo-horizontal-2x size-wcb-sponsor-logo-horizontal-2x wp-post-image\" alt=\"SatelliteWP\" srcset=\"https:\/\/montreal.wordcamp.org\/2019-fr\/files\/2019\/07\/satellitewp.png 808w, https:\/\/montreal.wordcamp.org\/2019-fr\/files\/2019\/07\/satellitewp-300x56.png 300w, https:\/\/montreal.wordcamp.org\/2019-fr\/files\/2019\/07\/satellitewp-768x143.png 768w, https:\/\/montreal.wordcamp.org\/2019-fr\/files\/2019\/07\/satellitewp-500x93.png 500w\" sizes=\"auto, (max-width: 808px) 100vw, 808px\" \/>\t\t\t\t\t\t\t\n\t\t\t\t\t\t\t\t\t\t\t\t\t\t\t\n<p><a href=\"https:\/\/www.satellitewp.com\/\" target=\"_blank\" rel=\"noreferrer noopener nofollow\">SatelliteWP<\/a>&nbsp;assure l\u2019<strong>entretien<\/strong>, la&nbsp;<strong>s\u00e9curit\u00e9<\/strong>&nbsp;et la&nbsp;<strong>performance<\/strong>&nbsp;de\n sites WordPress.&nbsp;Tel un vrai satellite, nous gardons un oeil sur votre \nsite pour nous assurer de son fonctionnement optimal.&nbsp; Nos&nbsp;<a href=\"https:\/\/www.satellitewp.com\/forfaits\/\" target=\"_blank\" rel=\"noreferrer noopener nofollow\">forfaits d\u2019entretien<\/a>&nbsp;incluent\n plusieurs aspects tels que les copies de sauvegardes (backups), les \nmises \u00e0 jour, la s\u00e9curit\u00e9, la performance et plus encore. \u00c0 moins qu\u2019un \nsite WordPress b\u00e9n\u00e9ficie d\u2019un entretien actif, il peut rapidement \npr\u00e9senter des probl\u00e8mes techniques et offrir des vuln\u00e9rabilit\u00e9s, ce qui \npourrait notamment affecter l\u2019image de l\u2019entreprise sur le web.&nbsp; Nous \nassistons \u00e9galement les designers et les d\u00e9veloppeurs via notre&nbsp;<a href=\"https:\/\/www.satellitewp.com\/agences\/\" target=\"_blank\" rel=\"noreferrer noopener nofollow\">forfait Agences<\/a>. Faites confiance \u00e0 des professionnels pour la gestion et la s\u00e9curit\u00e9 de votre site WordPress.<\/p>\n\t\t\t\t\t\t\t\t\t\t\t\t\t<\/div>\n\t\t\t\t\t<\/div><!-- #sponsor -->\n\t\t\t\t\t\t\t<\/div><!-- .wcorg-sponsor-level -->\n\t\t\n\t\t\t<div class=\"wcorg-sponsor-level-afterparty\">\n\t\t\t\t<h2>Afterparty<\/h2>\n\n\t\t\t\t\n\t\t\t\t\t<div id=\"wcorg-sponsor-3048\" class=\"wcorg-sponsor\">\n\t\t\t\t\t\t\t\t\t\t\t\t\t\t\t\t\t\t\t\t\t<h3>\n\t\t\t\t\t\t\t\t\tLearnDash\t\t\t\t\t\t\t\t<\/h3>\n\t\t\t\t\t\t\t\t\t\t\t\t\t\n\t\t\t\t\t\t<div class=\"wcorg-sponsor-description\">\n\t\t\t\t\t\t\t\t\t\t\t\t\t\t\t<img loading=\"lazy\" decoding=\"async\" width=\"867\" height=\"250\" src=\"https:\/\/montreal.wordcamp.org\/2019-fr\/files\/2019\/08\/LearnDash-Logo.png\" class=\"attachment-wcb-sponsor-logo-horizontal-2x size-wcb-sponsor-logo-horizontal-2x wp-post-image\" alt=\"LearnDash\" srcset=\"https:\/\/montreal.wordcamp.org\/2019-fr\/files\/2019\/08\/LearnDash-Logo.png 867w, https:\/\/montreal.wordcamp.org\/2019-fr\/files\/2019\/08\/LearnDash-Logo-300x87.png 300w, https:\/\/montreal.wordcamp.org\/2019-fr\/files\/2019\/08\/LearnDash-Logo-768x221.png 768w, https:\/\/montreal.wordcamp.org\/2019-fr\/files\/2019\/08\/LearnDash-Logo-500x144.png 500w\" sizes=\"auto, (max-width: 867px) 100vw, 867px\" \/>\t\t\t\t\t\t\t\n\t\t\t\t\t\t\t\t\t\t\t\t\t\t\t\t\t\t\t\t\t\t\t\t\t\t\t\t<\/div>\n\t\t\t\t\t<\/div><!-- #sponsor -->\n\t\t\t\t\t\t\t<\/div><!-- .wcorg-sponsor-level -->\n\t\t\n\t\t\t<div class=\"wcorg-sponsor-level-microcommanditaire\">\n\t\t\t\t<h2>Microcommanditaire<\/h2>\n\n\t\t\t\t\n\t\t\t\t\t<div id=\"wcorg-sponsor-2507\" class=\"wcorg-sponsor\">\n\t\t\t\t\t\t\t\t\t\t\t\t\t\t\t\t\t\t\t\t\t<h3>\n\t\t\t\t\t\t\t\t\tJean Legros\t\t\t\t\t\t\t\t<\/h3>\n\t\t\t\t\t\t\t\t\t\t\t\t\t\n\t\t\t\t\t\t<div class=\"wcorg-sponsor-description\">\n\t\t\t\t\t\t\t\t\t\t\t\t\t\t\t\t\t\t\t\t\t\t\n\t\t\t\t\t\t\t\t\t\t\t\t\t\t\t\t\t\t\t\t\t\t\t\t\t\t\t\t<\/div>\n\t\t\t\t\t<\/div><!-- #sponsor -->\n\t\t\t\t\n\t\t\t\t\t<div id=\"wcorg-sponsor-3051\" class=\"wcorg-sponsor\">\n\t\t\t\t\t\t\t\t\t\t\t\t\t\t\t\t\t\t\t\t\t<h3>\n\t\t\t\t\t\t\t\t\tKloe Ferriman\t\t\t\t\t\t\t\t<\/h3>\n\t\t\t\t\t\t\t\t\t\t\t\t\t\n\t\t\t\t\t\t<div class=\"wcorg-sponsor-description\">\n\t\t\t\t\t\t\t\t\t\t\t\t\t\t\t\t\t\t\t\t\t\t\n\t\t\t\t\t\t\t\t\t\t\t\t\t\t\t\t\t\t\t\t\t\t\t\t\t\t\t\t<\/div>\n\t\t\t\t\t<\/div><!-- #sponsor -->\n\t\t\t\t\n\t\t\t\t\t<div id=\"wcorg-sponsor-3053\" class=\"wcorg-sponsor\">\n\t\t\t\t\t\t\t\t\t\t\t\t\t\t\t\t\t\t\t\t\t<h3>\n\t\t\t\t\t\t\t\t\tLouis-Philippe Dea \/ WP Pour les Nuls\t\t\t\t\t\t\t\t<\/h3>\n\t\t\t\t\t\t\t\t\t\t\t\t\t\n\t\t\t\t\t\t<div class=\"wcorg-sponsor-description\">\n\t\t\t\t\t\t\t\t\t\t\t\t\t\t\t\t\t\t\t\t\t\t\n\t\t\t\t\t\t\t\t\t\t\t\t\t\t\t\n<p><a href=\"https:\/\/www.wppourlesnuls.com\/\" rel=\"nofollow\">Louis-Philippe Dea \/ WP Pour les Nuls<\/a><\/p>\n\t\t\t\t\t\t\t\t\t\t\t\t\t<\/div>\n\t\t\t\t\t<\/div><!-- #sponsor -->\n\t\t\t\t\t\t\t<\/div><!-- .wcorg-sponsor-level -->\n\t\t\t<\/div><!-- .wcorg-sponsors -->\n\n\t\n<p>&nbsp;<\/p>\n","protected":false},"excerpt":{"rendered":"<p>Vous souhaitez\u00a0devenir\u00a0commanditaire? Consultez notre page sur comment commanditer WordCamp et participer \u00e0 cet \u00e9v\u00e9nement !<\/p>\n","protected":false},"author":14231116,"featured_media":0,"parent":0,"menu_order":0,"comment_status":"closed","ping_status":"closed","template":"","meta":{"jetpack_post_was_ever_published":false,"footnotes":""},"class_list":["post-158","page","type-page","status-publish","hentry"],"jetpack_sharing_enabled":true,"_links":{"self":[{"href":"https:\/\/montreal.wordcamp.org\/2019-fr\/wp-json\/wp\/v2\/pages\/158","targetHints":{"allow":["GET"]}}],"collection":[{"href":"https:\/\/montreal.wordcamp.org\/2019-fr\/wp-json\/wp\/v2\/pages"}],"about":[{"href":"https:\/\/montreal.wordcamp.org\/2019-fr\/wp-json\/wp\/v2\/types\/page"}],"author":[{"embeddable":true,"href":"https:\/\/montreal.wordcamp.org\/2019-fr\/wp-json\/wp\/v2\/users\/14231116"}],"replies":[{"embeddable":true,"href":"https:\/\/montreal.wordcamp.org\/2019-fr\/wp-json\/wp\/v2\/comments?post=158"}],"version-history":[{"count":1,"href":"https:\/\/montreal.wordcamp.org\/2019-fr\/wp-json\/wp\/v2\/pages\/158\/revisions"}],"predecessor-version":[{"id":2417,"href":"https:\/\/montreal.wordcamp.org\/2019-fr\/wp-json\/wp\/v2\/pages\/158\/revisions\/2417"}],"wp:attachment":[{"href":"https:\/\/montreal.wordcamp.org\/2019-fr\/wp-json\/wp\/v2\/media?parent=158"}],"curies":[{"name":"wp","href":"https:\/\/api.w.org\/{rel}","templated":true}]}}