{"id":1201,"date":"2023-09-10T10:11:14","date_gmt":"2023-09-10T14:11:14","guid":{"rendered":"https:\/\/montreal.wordcamp.org\/2023\/?page_id=1201"},"modified":"2023-10-08T12:47:11","modified_gmt":"2023-10-08T16:47:11","slug":"sessions","status":"publish","type":"page","link":"https:\/\/montreal.wordcamp.org\/2023\/en\/sessions\/","title":{"rendered":"Sessions"},"content":{"rendered":"\n<div class=\"wp-block-group alignfull has-background has-global-padding is-layout-constrained wp-container-core-group-is-layout-a666d811 wp-block-group-is-layout-constrained\" style=\"background-color:#00a0d2;padding-top:var(--wp--preset--spacing--40);padding-right:var(--wp--preset--spacing--40);padding-bottom:var(--wp--preset--spacing--40);padding-left:var(--wp--preset--spacing--40)\">\n<h2 class=\"wp-block-heading has-text-align-center has-base-color has-text-color\" style=\"font-size:clamp(2.2rem, 2.2rem + ((1vw - 0.2rem) * 3.273), 4rem);\">Sessions<\/h2>\n\n\n\n<p class=\"has-text-align-center has-base-color has-text-color\">Endless possibilities with WordPress<\/p>\n<\/div>\n\n\n\n<div class=\"wp-block-query alignwide is-layout-flow wp-block-query-is-layout-flow\">\n<div class=\"wp-block-group alignfull is-layout-flow wp-block-group-is-layout-flow\" style=\"padding-top:0;padding-right:var(--wp--preset--spacing--40);padding-bottom:var(--wp--preset--spacing--40);padding-left:var(--wp--preset--spacing--40)\"><ul style=\"text-transform:none;\" class=\"alignfull wp-block-post-template is-layout-flow wp-block-post-template-is-layout-flow\"><li class=\"wp-block-post post-1599 wcb_session type-wcb_session status-publish hentry wcb_track-tech-dev wcb_session_category-fr\">\n\n<div class=\"wp-block-group is-layout-flow wp-container-core-group-is-layout-2f0c1fab wp-block-group-is-layout-flow\" style=\"padding-bottom:var(--wp--preset--spacing--50)\"><h2 style=\"font-size:clamp(1.648rem, 1.648rem + ((1vw - 0.2rem) * 2.095), 2.8rem);font-style:normal;font-weight:600;line-height:1.1; padding-top:var(--wp--preset--spacing--30);padding-bottom:10px;margin-top:5px;margin-bottom:5px;\" class=\"has-link-color wp-elements-5008e4538d0fab2ddb294887c9fdf137 wp-block-post-title has-text-color has-contrast-color\"><a href=\"https:\/\/montreal.wordcamp.org\/2023\/session\/construire-une-carriere-autour-de-wordpress\/\" target=\"_self\" >Construire une carri\u00e8re autour de WordPress<\/a><\/h2>\n\n\n<div class=\"wp-block-group is-content-justification-left is-nowrap is-layout-flex wp-container-core-group-is-layout-7d61ec3c wp-block-group-is-layout-flex\" style=\"border-top-color:var(--wp--preset--color--contrast);border-top-width:4px;padding-top:15px;padding-right:0;padding-bottom:15px;padding-left:0\">\n<p>Presented by:<\/p>\n\n\n<div class=\"wp-block-wordcamp-session-speakers\"><span class=\"wp-block-wordcamp-session-speakers__name\"><a href=\"https:\/\/montreal.wordcamp.org\/2023\/speaker\/stephane-espinosa\/\">Stephane Espinosa<\/a><\/span><\/div>\n\n<div class=\"taxonomy-wcb_session_category wp-block-post-terms\"><a href=\"https:\/\/montreal.wordcamp.org\/2023\/session-category\/fr\/\" rel=\"tag\">En Fran\u00e7ais<\/a><\/div><\/div>\n\n\n<div class=\"wp-block-post-excerpt\"><p class=\"wp-block-post-excerpt__excerpt\">L&rsquo;auteur vous invite \u00e0 d\u00e9couvrir l&rsquo;\u00e9ventail des opportunit\u00e9s professionnelles qu&rsquo;offre WordPress, le CMS aux multiples facettes.Nous aborderons les diff\u00e9rents r\u00f4les dans le domaine du d\u00e9veloppement, que vous soyez int\u00e9ress\u00e9 par le front-end, le back-end ou une expertise en full-stack.Nous mettrons \u00e9galement en lumi\u00e8re l&rsquo;importance des designers, sp\u00e9cialis\u00e9s dans l&rsquo;interface et l&rsquo;exp\u00e9rience utilisateur, ainsi que des&hellip; <\/p><\/div><\/div>\n\n<\/li><li class=\"wp-block-post post-1545 wcb_session type-wcb_session status-publish hentry wcb_track-tech-dev wcb_session_category-fr\">\n\n<div class=\"wp-block-group is-layout-flow wp-container-core-group-is-layout-2f0c1fab wp-block-group-is-layout-flow\" style=\"padding-bottom:var(--wp--preset--spacing--50)\"><h2 style=\"font-size:clamp(1.648rem, 1.648rem + ((1vw - 0.2rem) * 2.095), 2.8rem);font-style:normal;font-weight:600;line-height:1.1; padding-top:var(--wp--preset--spacing--30);padding-bottom:10px;margin-top:5px;margin-bottom:5px;\" class=\"has-link-color wp-elements-5008e4538d0fab2ddb294887c9fdf137 wp-block-post-title has-text-color has-contrast-color\"><a href=\"https:\/\/montreal.wordcamp.org\/2023\/session\/securisation-de-site-wordpress\/\" target=\"_self\" >S\u00e9curisation de site WordPress<\/a><\/h2>\n\n\n<div class=\"wp-block-group is-content-justification-left is-nowrap is-layout-flex wp-container-core-group-is-layout-7d61ec3c wp-block-group-is-layout-flex\" style=\"border-top-color:var(--wp--preset--color--contrast);border-top-width:4px;padding-top:15px;padding-right:0;padding-bottom:15px;padding-left:0\">\n<p>Presented by:<\/p>\n\n\n<div class=\"wp-block-wordcamp-session-speakers\"><span class=\"wp-block-wordcamp-session-speakers__name\"><a href=\"https:\/\/montreal.wordcamp.org\/2023\/speaker\/johnson-nicolas\/\">Johnson Nicolas<\/a><\/span><\/div>\n\n<div class=\"taxonomy-wcb_session_category wp-block-post-terms\"><a href=\"https:\/\/montreal.wordcamp.org\/2023\/session-category\/fr\/\" rel=\"tag\">En Fran\u00e7ais<\/a><\/div><\/div>\n\n\n<div class=\"wp-block-post-excerpt\"><p class=\"wp-block-post-excerpt__excerpt\">Cette formation est con\u00e7ue pour vous donner toutes les comp\u00e9tences n\u00e9cessaires pour renforcer la s\u00e9curit\u00e9 de votre site WordPress. Vous y d\u00e9couvrirez les meilleures pratiques, les outils et les strat\u00e9gies pour prot\u00e9ger efficacement votre site web contre les cyber-attaques. Au cours de cette formation, nous aborderons des sujets tels que l&rsquo;identification des vuln\u00e9rabilit\u00e9s, la s\u00e9curisation&hellip; <\/p><\/div><\/div>\n\n<\/li><li class=\"wp-block-post post-1482 wcb_session type-wcb_session status-publish hentry wcb_track-marketing wcb_track-tech-dev\">\n\n<div class=\"wp-block-group is-layout-flow wp-container-core-group-is-layout-2f0c1fab wp-block-group-is-layout-flow\" style=\"padding-bottom:var(--wp--preset--spacing--50)\"><h2 style=\"font-size:clamp(1.648rem, 1.648rem + ((1vw - 0.2rem) * 2.095), 2.8rem);font-style:normal;font-weight:600;line-height:1.1; padding-top:var(--wp--preset--spacing--30);padding-bottom:10px;margin-top:5px;margin-bottom:5px;\" class=\"has-link-color wp-elements-5008e4538d0fab2ddb294887c9fdf137 wp-block-post-title has-text-color has-contrast-color\"><a href=\"https:\/\/montreal.wordcamp.org\/2023\/session\/start-of-the-event-introduction\/\" target=\"_self\" >Start of the event &#8211; Introduction<\/a><\/h2>\n\n\n<div class=\"wp-block-group is-content-justification-left is-nowrap is-layout-flex wp-container-core-group-is-layout-7d61ec3c wp-block-group-is-layout-flex\" style=\"border-top-color:var(--wp--preset--color--contrast);border-top-width:4px;padding-top:15px;padding-right:0;padding-bottom:15px;padding-left:0\">\n<p>Presented by:<\/p>\n\n\n<div class=\"wp-block-wordcamp-session-speakers\"><span class=\"wp-block-wordcamp-session-speakers__name\"><a href=\"https:\/\/montreal.wordcamp.org\/2023\/?post_type=wcb_speaker&#038;p=1235\">Spen McGee<\/a><\/span><span class=\"wp-block-wordcamp-session-speakers__name\"><a href=\"\"><\/a><\/span><span class=\"wp-block-wordcamp-session-speakers__name\"><a href=\"\"><\/a><\/span><\/div>\n\n<\/div>\n\n\n<div class=\"wp-block-post-excerpt\"><p class=\"wp-block-post-excerpt__excerpt\"> <\/p><\/div><\/div>\n\n<\/li><li class=\"wp-block-post post-1480 wcb_session type-wcb_session status-publish hentry wcb_track-marketing wcb_track-tech-dev\">\n\n<div class=\"wp-block-group is-layout-flow wp-container-core-group-is-layout-2f0c1fab wp-block-group-is-layout-flow\" style=\"padding-bottom:var(--wp--preset--spacing--50)\"><h2 style=\"font-size:clamp(1.648rem, 1.648rem + ((1vw - 0.2rem) * 2.095), 2.8rem);font-style:normal;font-weight:600;line-height:1.1; padding-top:var(--wp--preset--spacing--30);padding-bottom:10px;margin-top:5px;margin-bottom:5px;\" class=\"has-link-color wp-elements-5008e4538d0fab2ddb294887c9fdf137 wp-block-post-title has-text-color has-contrast-color\"><a href=\"https:\/\/montreal.wordcamp.org\/2023\/session\/end-of-the-event-conclusion\/\" target=\"_self\" >End of the event &#8211; Conclusion<\/a><\/h2>\n\n\n<div class=\"wp-block-group is-content-justification-left is-nowrap is-layout-flex wp-container-core-group-is-layout-7d61ec3c wp-block-group-is-layout-flex\" style=\"border-top-color:var(--wp--preset--color--contrast);border-top-width:4px;padding-top:15px;padding-right:0;padding-bottom:15px;padding-left:0\">\n<p>Presented by:<\/p>\n\n\n<div class=\"wp-block-wordcamp-session-speakers\"><span class=\"wp-block-wordcamp-session-speakers__name\"><a href=\"https:\/\/montreal.wordcamp.org\/2023\/?post_type=wcb_speaker&#038;p=1235\">Spen McGee<\/a><\/span><span class=\"wp-block-wordcamp-session-speakers__name\"><a href=\"\"><\/a><\/span><span class=\"wp-block-wordcamp-session-speakers__name\"><a href=\"\"><\/a><\/span><\/div>\n\n<\/div>\n\n\n<div class=\"wp-block-post-excerpt\"><p class=\"wp-block-post-excerpt__excerpt\"> <\/p><\/div><\/div>\n\n<\/li><li class=\"wp-block-post post-1362 wcb_session type-wcb_session status-publish hentry wcb_track-marketing wcb_session_category-en\">\n\n<div class=\"wp-block-group is-layout-flow wp-container-core-group-is-layout-2f0c1fab wp-block-group-is-layout-flow\" style=\"padding-bottom:var(--wp--preset--spacing--50)\"><h2 style=\"font-size:clamp(1.648rem, 1.648rem + ((1vw - 0.2rem) * 2.095), 2.8rem);font-style:normal;font-weight:600;line-height:1.1; padding-top:var(--wp--preset--spacing--30);padding-bottom:10px;margin-top:5px;margin-bottom:5px;\" class=\"has-link-color wp-elements-5008e4538d0fab2ddb294887c9fdf137 wp-block-post-title has-text-color has-contrast-color\"><a href=\"https:\/\/montreal.wordcamp.org\/2023\/session\/old-wp-rest-api-new-tricks-an-overview-of-the-rest-api-and-how-to-leverage-it-for-the-modern-web\/\" target=\"_self\" >Old WP REST API, New Tricks<\/a><\/h2>\n\n\n<div class=\"wp-block-group is-content-justification-left is-nowrap is-layout-flex wp-container-core-group-is-layout-7d61ec3c wp-block-group-is-layout-flex\" style=\"border-top-color:var(--wp--preset--color--contrast);border-top-width:4px;padding-top:15px;padding-right:0;padding-bottom:15px;padding-left:0\">\n<p>Presented by:<\/p>\n\n\n<div class=\"wp-block-wordcamp-session-speakers\"><span class=\"wp-block-wordcamp-session-speakers__name\"><a href=\"https:\/\/montreal.wordcamp.org\/2023\/speaker\/christina-garofalo\/\">Christina Garofalo<\/a><\/span><\/div>\n\n<div class=\"taxonomy-wcb_session_category wp-block-post-terms\"><a href=\"https:\/\/montreal.wordcamp.org\/2023\/session-category\/en\/\" rel=\"tag\">In English<\/a><\/div><\/div>\n\n\n<div class=\"wp-block-post-excerpt\"><p class=\"wp-block-post-excerpt__excerpt\">The WordPress REST API is a powerful tool that can enhance your web development projects. In this presentation, attendees will learn how to leverage WordPress&rsquo;s existing endpoints and create custom ones using PHP without needing plugins. Attendees will also learn how to use their endpoints to power their front-end React apps, web apps or even&hellip; <\/p><\/div><\/div>\n\n<\/li><li class=\"wp-block-post post-1353 wcb_session type-wcb_session status-publish hentry wcb_track-marketing wcb_session_category-en\">\n\n<div class=\"wp-block-group is-layout-flow wp-container-core-group-is-layout-2f0c1fab wp-block-group-is-layout-flow\" style=\"padding-bottom:var(--wp--preset--spacing--50)\"><h2 style=\"font-size:clamp(1.648rem, 1.648rem + ((1vw - 0.2rem) * 2.095), 2.8rem);font-style:normal;font-weight:600;line-height:1.1; padding-top:var(--wp--preset--spacing--30);padding-bottom:10px;margin-top:5px;margin-bottom:5px;\" class=\"has-link-color wp-elements-5008e4538d0fab2ddb294887c9fdf137 wp-block-post-title has-text-color has-contrast-color\"><a href=\"https:\/\/montreal.wordcamp.org\/2023\/session\/monthly-recurring-revenu\/\" target=\"_self\" >How to choose the PERFECT audience for offering websites as a service to build monthly recurring revenue<\/a><\/h2>\n\n\n<div class=\"wp-block-group is-content-justification-left is-nowrap is-layout-flex wp-container-core-group-is-layout-7d61ec3c wp-block-group-is-layout-flex\" style=\"border-top-color:var(--wp--preset--color--contrast);border-top-width:4px;padding-top:15px;padding-right:0;padding-bottom:15px;padding-left:0\">\n<p>Presented by:<\/p>\n\n\n<div class=\"wp-block-wordcamp-session-speakers\"><span class=\"wp-block-wordcamp-session-speakers__name\"><a href=\"https:\/\/montreal.wordcamp.org\/2023\/speaker\/adam-mclaughlin\/\">Adam McLaughlin<\/a><\/span><\/div>\n\n<div class=\"taxonomy-wcb_session_category wp-block-post-terms\"><a href=\"https:\/\/montreal.wordcamp.org\/2023\/session-category\/en\/\" rel=\"tag\">In English<\/a><\/div><\/div>\n\n\n<div class=\"wp-block-post-excerpt\"><p class=\"wp-block-post-excerpt__excerpt\">Start the process of getting off of the roller coaster revenue of custom design and convert you freelance business or agency to building monthly recurring revenue through websites-as-a-service. We&rsquo;ll walk through the fundamentals of building a website service agency and start the process of choosing a target audience for your agency with lots of laughs&hellip; <\/p><\/div><\/div>\n\n<\/li><li class=\"wp-block-post post-1345 wcb_session type-wcb_session status-publish hentry wcb_track-marketing wcb_session_category-en\">\n\n<div class=\"wp-block-group is-layout-flow wp-container-core-group-is-layout-2f0c1fab wp-block-group-is-layout-flow\" style=\"padding-bottom:var(--wp--preset--spacing--50)\"><h2 style=\"font-size:clamp(1.648rem, 1.648rem + ((1vw - 0.2rem) * 2.095), 2.8rem);font-style:normal;font-weight:600;line-height:1.1; padding-top:var(--wp--preset--spacing--30);padding-bottom:10px;margin-top:5px;margin-bottom:5px;\" class=\"has-link-color wp-elements-5008e4538d0fab2ddb294887c9fdf137 wp-block-post-title has-text-color has-contrast-color\"><a href=\"https:\/\/montreal.wordcamp.org\/2023\/session\/wordpress-playground-the-famous-5-second-install\/\" target=\"_self\" >WordPress Playground: The Famous &laquo;5 Second&raquo; Install<\/a><\/h2>\n\n\n<div class=\"wp-block-group is-content-justification-left is-nowrap is-layout-flex wp-container-core-group-is-layout-7d61ec3c wp-block-group-is-layout-flex\" style=\"border-top-color:var(--wp--preset--color--contrast);border-top-width:4px;padding-top:15px;padding-right:0;padding-bottom:15px;padding-left:0\">\n<p>Presented by:<\/p>\n\n\n<div class=\"wp-block-wordcamp-session-speakers\"><span class=\"wp-block-wordcamp-session-speakers__name\"><a href=\"https:\/\/montreal.wordcamp.org\/2023\/speaker\/dave-kellam\/\">Dave Kellam<\/a><\/span><\/div>\n\n<div class=\"taxonomy-wcb_session_category wp-block-post-terms\"><a href=\"https:\/\/montreal.wordcamp.org\/2023\/session-category\/en\/\" rel=\"tag\">In English<\/a><\/div><\/div>\n\n\n<div class=\"wp-block-post-excerpt\"><p class=\"wp-block-post-excerpt__excerpt\">WordPress is known for its famous 5-minute install. We&rsquo;ll explore the WordPress Playground and how you can use it to spin up sites in less than 5 seconds! What is WordPress Playground? WordPress Playground makes WordPress instantly accessible for users, learners, extenders, and contributors. Topics we&rsquo;ll explore:* Understanding Web Assembly, the technology behind Playground* How&hellip; <\/p><\/div><\/div>\n\n<\/li><li class=\"wp-block-post post-1341 wcb_session type-wcb_session status-publish hentry wcb_track-tech-dev wcb_session_category-fr\">\n\n<div class=\"wp-block-group is-layout-flow wp-container-core-group-is-layout-2f0c1fab wp-block-group-is-layout-flow\" style=\"padding-bottom:var(--wp--preset--spacing--50)\"><h2 style=\"font-size:clamp(1.648rem, 1.648rem + ((1vw - 0.2rem) * 2.095), 2.8rem);font-style:normal;font-weight:600;line-height:1.1; padding-top:var(--wp--preset--spacing--30);padding-bottom:10px;margin-top:5px;margin-bottom:5px;\" class=\"has-link-color wp-elements-5008e4538d0fab2ddb294887c9fdf137 wp-block-post-title has-text-color has-contrast-color\"><a href=\"https:\/\/montreal.wordcamp.org\/2023\/session\/environnement-de-developpement-wordpress-moderne-et-productif\/\" target=\"_self\" >Environnement de d\u00e9veloppement WordPress moderne et productif<\/a><\/h2>\n\n\n<div class=\"wp-block-group is-content-justification-left is-nowrap is-layout-flex wp-container-core-group-is-layout-7d61ec3c wp-block-group-is-layout-flex\" style=\"border-top-color:var(--wp--preset--color--contrast);border-top-width:4px;padding-top:15px;padding-right:0;padding-bottom:15px;padding-left:0\">\n<p>Presented by:<\/p>\n\n\n<div class=\"wp-block-wordcamp-session-speakers\"><span class=\"wp-block-wordcamp-session-speakers__name\"><a href=\"https:\/\/montreal.wordcamp.org\/2023\/speaker\/etienne-belanger\/\">\u00c9tienne B\u00e9langer<\/a><\/span><\/div>\n\n<div class=\"taxonomy-wcb_session_category wp-block-post-terms\"><a href=\"https:\/\/montreal.wordcamp.org\/2023\/session-category\/fr\/\" rel=\"tag\">En Fran\u00e7ais<\/a><\/div><\/div>\n\n\n<div class=\"wp-block-post-excerpt\"><p class=\"wp-block-post-excerpt__excerpt\">Lors de cette conf\u00e9rence, je veux transmettre les outils et les scripts que j&rsquo;utilise pour avoir un environnement de d\u00e9veloppement local qui m&rsquo;est tr\u00e8s productif. <\/p><\/div><\/div>\n\n<\/li><li class=\"wp-block-post post-1332 wcb_session type-wcb_session status-publish hentry wcb_track-tech-dev wcb_session_category-en\">\n\n<div class=\"wp-block-group is-layout-flow wp-container-core-group-is-layout-2f0c1fab wp-block-group-is-layout-flow\" style=\"padding-bottom:var(--wp--preset--spacing--50)\"><h2 style=\"font-size:clamp(1.648rem, 1.648rem + ((1vw - 0.2rem) * 2.095), 2.8rem);font-style:normal;font-weight:600;line-height:1.1; padding-top:var(--wp--preset--spacing--30);padding-bottom:10px;margin-top:5px;margin-bottom:5px;\" class=\"has-link-color wp-elements-5008e4538d0fab2ddb294887c9fdf137 wp-block-post-title has-text-color has-contrast-color\"><a href=\"https:\/\/montreal.wordcamp.org\/2023\/session\/getting-started-with-the-e2e-playwright-test-utils-for-wordpress-today-2023\/\" target=\"_self\" >Getting started with the E2E Playwright test utils for WordPress today (2023)<\/a><\/h2>\n\n\n<div class=\"wp-block-group is-content-justification-left is-nowrap is-layout-flex wp-container-core-group-is-layout-7d61ec3c wp-block-group-is-layout-flex\" style=\"border-top-color:var(--wp--preset--color--contrast);border-top-width:4px;padding-top:15px;padding-right:0;padding-bottom:15px;padding-left:0\">\n<p>Presented by:<\/p>\n\n\n<div class=\"wp-block-wordcamp-session-speakers\"><span class=\"wp-block-wordcamp-session-speakers__name\"><a href=\"https:\/\/montreal.wordcamp.org\/2023\/speaker\/meszaros-robert\/\">M\u00e9sz\u00e1ros R\u00f3bert<\/a><\/span><\/div>\n\n<div class=\"taxonomy-wcb_session_category wp-block-post-terms\"><a href=\"https:\/\/montreal.wordcamp.org\/2023\/session-category\/en\/\" rel=\"tag\">In English<\/a><\/div><\/div>\n\n\n<div class=\"wp-block-post-excerpt\"><p class=\"wp-block-post-excerpt__excerpt\">In 2022, WordPress announced a new End-To-End (E2E) Test Utils package powered by Playwright. Even though WordPress Core has yet to adopt it, Gutenberg has already started using it to some extent. We&rsquo;re still in the early stages of moving to this new tool, but you can already use it in various WordPress-related projects. In&hellip; <\/p><\/div><\/div>\n\n<\/li><li class=\"wp-block-post post-1327 wcb_session type-wcb_session status-publish hentry wcb_track-marketing wcb_session_category-en\">\n\n<div class=\"wp-block-group is-layout-flow wp-container-core-group-is-layout-2f0c1fab wp-block-group-is-layout-flow\" style=\"padding-bottom:var(--wp--preset--spacing--50)\"><h2 style=\"font-size:clamp(1.648rem, 1.648rem + ((1vw - 0.2rem) * 2.095), 2.8rem);font-style:normal;font-weight:600;line-height:1.1; padding-top:var(--wp--preset--spacing--30);padding-bottom:10px;margin-top:5px;margin-bottom:5px;\" class=\"has-link-color wp-elements-5008e4538d0fab2ddb294887c9fdf137 wp-block-post-title has-text-color has-contrast-color\"><a href=\"https:\/\/montreal.wordcamp.org\/2023\/session\/the-three-things-all-web-professionals-need-to-know-about-privacy\/\" target=\"_self\" >The three things all web professionals need to know about privacy<\/a><\/h2>\n\n\n<div class=\"wp-block-group is-content-justification-left is-nowrap is-layout-flex wp-container-core-group-is-layout-7d61ec3c wp-block-group-is-layout-flex\" style=\"border-top-color:var(--wp--preset--color--contrast);border-top-width:4px;padding-top:15px;padding-right:0;padding-bottom:15px;padding-left:0\">\n<p>Presented by:<\/p>\n\n\n<div class=\"wp-block-wordcamp-session-speakers\"><span class=\"wp-block-wordcamp-session-speakers__name\"><a href=\"https:\/\/montreal.wordcamp.org\/2023\/speaker\/donata-stroink-skillrud\/\">Donata Stroink-Skillrud<\/a><\/span><\/div>\n\n<div class=\"taxonomy-wcb_session_category wp-block-post-terms\"><a href=\"https:\/\/montreal.wordcamp.org\/2023\/session-category\/en\/\" rel=\"tag\">In English<\/a><\/div><\/div>\n\n\n<div class=\"wp-block-post-excerpt\"><p class=\"wp-block-post-excerpt__excerpt\">Web professionals play a crucial role in building websites that not only perform effectively but also adhere to ethical and legal standards, especially regarding privacy. This presentation aims to equip web professionals with a comprehensive understanding of privacy-related topics so they can guide their clients effectively. We will explore three key subtopics: 1. The Significance&hellip; <\/p><\/div><\/div>\n\n<\/li><\/ul><\/div>\n\n\n\n<div class=\"wp-block-group is-layout-flow wp-block-group-is-layout-flow\" style=\"margin-top:0;margin-bottom:0;padding-top:var(--wp--preset--spacing--40);padding-right:var(--wp--preset--spacing--40);padding-bottom:var(--wp--preset--spacing--40);padding-left:var(--wp--preset--spacing--40)\"><nav class=\"wp-block-query-pagination is-content-justification-space-between is-nowrap is-layout-flex wp-container-core-query-pagination-is-layout-cb46ffcb wp-block-query-pagination-is-layout-flex\" aria-label=\"Pagination\">\n\n\n<a href=\"\/2023\/wp-json\/wp\/v2\/pages\/1201?query-1-page=2\" style=\"font-size:clamp(1.25rem, 1.25rem + ((1vw - 0.2rem) * 1.364), 2rem);font-style:normal;font-weight:600;text-transform:uppercase;letter-spacing:1px;\" class=\"wp-block-query-pagination-next\">Page suivante<\/a>\n<\/nav><\/div>\n<\/div>\n","protected":false},"excerpt":{"rendered":"<p>Sessions Endless possibilities with WordPress<\/p>\n","protected":false},"author":15086888,"featured_media":0,"parent":269,"menu_order":0,"comment_status":"closed","ping_status":"closed","template":"wp-custom-template-generic-english-template","meta":{"advanced_seo_description":"","jetpack_seo_html_title":"","jetpack_seo_noindex":false,"jetpack_post_was_ever_published":false,"footnotes":""},"class_list":["post-1201","page","type-page","status-publish","hentry"],"jetpack_sharing_enabled":true,"_links":{"self":[{"href":"https:\/\/montreal.wordcamp.org\/2023\/wp-json\/wp\/v2\/pages\/1201","targetHints":{"allow":["GET"]}}],"collection":[{"href":"https:\/\/montreal.wordcamp.org\/2023\/wp-json\/wp\/v2\/pages"}],"about":[{"href":"https:\/\/montreal.wordcamp.org\/2023\/wp-json\/wp\/v2\/types\/page"}],"author":[{"embeddable":true,"href":"https:\/\/montreal.wordcamp.org\/2023\/wp-json\/wp\/v2\/users\/15086888"}],"replies":[{"embeddable":true,"href":"https:\/\/montreal.wordcamp.org\/2023\/wp-json\/wp\/v2\/comments?post=1201"}],"version-history":[{"count":3,"href":"https:\/\/montreal.wordcamp.org\/2023\/wp-json\/wp\/v2\/pages\/1201\/revisions"}],"predecessor-version":[{"id":1678,"href":"https:\/\/montreal.wordcamp.org\/2023\/wp-json\/wp\/v2\/pages\/1201\/revisions\/1678"}],"up":[{"embeddable":true,"href":"https:\/\/montreal.wordcamp.org\/2023\/wp-json\/wp\/v2\/pages\/269"}],"wp:attachment":[{"href":"https:\/\/montreal.wordcamp.org\/2023\/wp-json\/wp\/v2\/media?parent=1201"}],"curies":[{"name":"wp","href":"https:\/\/api.w.org\/{rel}","templated":true}]}}