{"id":488,"date":"2023-06-24T16:22:35","date_gmt":"2023-06-24T20:22:35","guid":{"rendered":"https:\/\/montreal.wordcamp.org\/2023\/?page_id=488"},"modified":"2023-10-08T11:46:41","modified_gmt":"2023-10-08T15:46:41","slug":"fr","status":"publish","type":"page","link":"https:\/\/montreal.wordcamp.org\/2023\/","title":{"rendered":"FR"},"content":{"rendered":"\n<div class=\"wp-block-cover alignfull\" style=\"margin-top:0;margin-bottom:0;padding-top:var(--wp--preset--spacing--30);padding-right:var(--wp--preset--spacing--30);padding-bottom:var(--wp--preset--spacing--30);padding-left:var(--wp--preset--spacing--30)\"><span aria-hidden=\"true\" class=\"wp-block-cover__background has-background-dim-0 has-background-dim\"><\/span><img loading=\"lazy\" decoding=\"async\" width=\"1920\" height=\"1080\" class=\"wp-block-cover__image-background wp-image-923\" alt=\"\" src=\"https:\/\/montreal.wordcamp.org\/2023\/files\/2023\/07\/banner-image.jpg\" data-object-fit=\"cover\" srcset=\"https:\/\/montreal.wordcamp.org\/2023\/files\/2023\/07\/banner-image.jpg 1920w, https:\/\/montreal.wordcamp.org\/2023\/files\/2023\/07\/banner-image-300x169.jpg 300w, https:\/\/montreal.wordcamp.org\/2023\/files\/2023\/07\/banner-image-1024x576.jpg 1024w, https:\/\/montreal.wordcamp.org\/2023\/files\/2023\/07\/banner-image-768x432.jpg 768w, https:\/\/montreal.wordcamp.org\/2023\/files\/2023\/07\/banner-image-500x281.jpg 500w, https:\/\/montreal.wordcamp.org\/2023\/files\/2023\/07\/banner-image-1536x864.jpg 1536w\" sizes=\"auto, (max-width: 1920px) 100vw, 1920px\" \/><div class=\"wp-block-cover__inner-container is-layout-flow wp-block-cover-is-layout-flow\">\n<figure class=\"wp-block-image aligncenter size-large is-resized wp-duotone-rgb255255255-rgb255255255-1\"><img loading=\"lazy\" decoding=\"async\" width=\"1024\" height=\"1024\" src=\"https:\/\/montreal.wordcamp.org\/2023\/files\/2023\/06\/WordPress_blue_logo.svg_-1024x1024.png\" alt=\"\" class=\"wp-image-375\" style=\"width:154px;height:154px\" srcset=\"https:\/\/montreal.wordcamp.org\/2023\/files\/2023\/06\/WordPress_blue_logo.svg_-1024x1024.png 1024w, https:\/\/montreal.wordcamp.org\/2023\/files\/2023\/06\/WordPress_blue_logo.svg_-300x300.png 300w, https:\/\/montreal.wordcamp.org\/2023\/files\/2023\/06\/WordPress_blue_logo.svg_-150x150.png 150w, https:\/\/montreal.wordcamp.org\/2023\/files\/2023\/06\/WordPress_blue_logo.svg_-768x768.png 768w, https:\/\/montreal.wordcamp.org\/2023\/files\/2023\/06\/WordPress_blue_logo.svg_-1536x1536.png 1536w, https:\/\/montreal.wordcamp.org\/2023\/files\/2023\/06\/WordPress_blue_logo.svg_.png 2048w\" sizes=\"auto, (max-width: 1024px) 100vw, 1024px\" \/><\/figure>\n\n\n\n<h2 class=\"wp-block-heading has-text-align-center has-base-color has-text-color\" style=\"font-size:clamp(2.2rem, 2.2rem + ((1vw - 0.2rem) * 3.273), 4rem);\"><strong>WordCamp Montr\u00e9al<\/strong><\/h2>\n\n\n\n<p class=\"has-text-align-center has-base-color has-text-color\" style=\"margin-top:5px;margin-bottom:0;font-size:clamp(1.039rem, 1.039rem + ((1vw - 0.2rem) * 1.02), 1.6rem);\"><strong>\u00c9v\u00e9nement en ligne, 8 Novembre, 2023<\/strong><\/p>\n\n\n\n<div class=\"wp-block-buttons is-content-justification-center is-layout-flex wp-container-core-buttons-is-layout-a89b3969 wp-block-buttons-is-layout-flex\">\n<div class=\"wp-block-button btn-red\"><a class=\"wp-block-button__link has-foreground-color has-text-color wp-element-button\" href=\"https:\/\/montreal.wordcamp.org\/2023\/fr\/billets\/\">S&rsquo;inscrire<\/a><\/div>\n<\/div>\n<\/div><\/div>\n\n\n\n<div class=\"wp-block-columns alignwide is-layout-flex wp-container-core-columns-is-layout-398b3aa3 wp-block-columns-is-layout-flex\">\n<div class=\"wp-block-column is-layout-flow wp-block-column-is-layout-flow\">\n<p><\/p>\n\n\n\n<p class=\"has-text-align-center\">Le calendrier est publi\u00e9. Veuillez r\u00e9server votre <a href=\"https:\/\/montreal.wordcamp.org\/2023\/fr\/billets\/\" data-type=\"page\" data-id=\"688\">billet<\/a>.<\/p>\n<\/div>\n<\/div>\n","protected":false},"excerpt":{"rendered":"<p>Le calendrier est publi\u00e9. Veuillez r\u00e9server votre billet.<\/p>\n","protected":false},"author":15086888,"featured_media":950,"parent":0,"menu_order":0,"comment_status":"closed","ping_status":"closed","template":"","meta":{"advanced_seo_description":"WordCamp Montr\u00e9al 2023 - Un \u00e9v\u00e9nement en ligne important d\u00e9di\u00e9 \u00e0 WordPress pour acqu\u00e9rir des connaissances, \u00e9tablir des relations et favoriser l'innovation. D\u00e9couvrez ce que WordPress peut vous offrir.","jetpack_seo_html_title":"Participez \u00e0 WordCamp Montr\u00e9al 2023 - L'\u00c9v\u00e9nement communautaire WordPress du Qu\u00e9bec","jetpack_seo_noindex":false,"jetpack_post_was_ever_published":false,"footnotes":""},"class_list":["post-488","page","type-page","status-publish","has-post-thumbnail","hentry"],"jetpack_sharing_enabled":true,"_links":{"self":[{"href":"https:\/\/montreal.wordcamp.org\/2023\/wp-json\/wp\/v2\/pages\/488","targetHints":{"allow":["GET"]}}],"collection":[{"href":"https:\/\/montreal.wordcamp.org\/2023\/wp-json\/wp\/v2\/pages"}],"about":[{"href":"https:\/\/montreal.wordcamp.org\/2023\/wp-json\/wp\/v2\/types\/page"}],"author":[{"embeddable":true,"href":"https:\/\/montreal.wordcamp.org\/2023\/wp-json\/wp\/v2\/users\/15086888"}],"replies":[{"embeddable":true,"href":"https:\/\/montreal.wordcamp.org\/2023\/wp-json\/wp\/v2\/comments?post=488"}],"version-history":[{"count":24,"href":"https:\/\/montreal.wordcamp.org\/2023\/wp-json\/wp\/v2\/pages\/488\/revisions"}],"predecessor-version":[{"id":1446,"href":"https:\/\/montreal.wordcamp.org\/2023\/wp-json\/wp\/v2\/pages\/488\/revisions\/1446"}],"wp:featuredmedia":[{"embeddable":true,"href":"https:\/\/montreal.wordcamp.org\/2023\/wp-json\/wp\/v2\/media\/950"}],"wp:attachment":[{"href":"https:\/\/montreal.wordcamp.org\/2023\/wp-json\/wp\/v2\/media?parent=488"}],"curies":[{"name":"wp","href":"https:\/\/api.w.org\/{rel}","templated":true}]}}