{"id":688,"date":"2023-06-30T19:19:57","date_gmt":"2023-06-30T23:19:57","guid":{"rendered":"https:\/\/montreal.wordcamp.org\/2023\/?page_id=688"},"modified":"2023-11-15T16:39:05","modified_gmt":"2023-11-15T21:39:05","slug":"billets","status":"publish","type":"page","link":"https:\/\/montreal.wordcamp.org\/2023\/fr\/billets\/","title":{"rendered":"Billets"},"content":{"rendered":"\n<div class=\"wp-block-cover alignfull\" style=\"margin-top:0;margin-bottom:0;padding-top:clamp(1.8rem, 1.8rem + ((1vw - 0.48rem) * 2.885), 3rem);padding-right:var(--wp--preset--spacing--40);padding-bottom:clamp(1.8rem, 1.8rem + ((1vw - 0.48rem) * 2.885), 3rem);padding-left:var(--wp--preset--spacing--40);min-height:180px;aspect-ratio:unset;\"><span aria-hidden=\"true\" class=\"wp-block-cover__background has-background-dim-60 has-background-dim\" style=\"background-color:#0a0c25\"><\/span><img loading=\"lazy\" decoding=\"async\" width=\"1920\" height=\"1277\" class=\"wp-block-cover__image-background wp-image-882\" alt=\"\" src=\"https:\/\/montreal.wordcamp.org\/2023\/files\/2023\/07\/tickets.jpeg\" data-object-fit=\"cover\" srcset=\"https:\/\/montreal.wordcamp.org\/2023\/files\/2023\/07\/tickets.jpeg 1920w, https:\/\/montreal.wordcamp.org\/2023\/files\/2023\/07\/tickets-300x200.jpeg 300w, https:\/\/montreal.wordcamp.org\/2023\/files\/2023\/07\/tickets-1024x681.jpeg 1024w, https:\/\/montreal.wordcamp.org\/2023\/files\/2023\/07\/tickets-768x511.jpeg 768w, https:\/\/montreal.wordcamp.org\/2023\/files\/2023\/07\/tickets-451x300.jpeg 451w, https:\/\/montreal.wordcamp.org\/2023\/files\/2023\/07\/tickets-1536x1022.jpeg 1536w\" sizes=\"auto, (max-width: 1920px) 100vw, 1920px\" \/><div class=\"wp-block-cover__inner-container is-layout-flow wp-block-cover-is-layout-flow\">\n<figure class=\"wp-block-image aligncenter size-large is-resized wp-duotone-rgb255255255-rgb255255255-1\"><img loading=\"lazy\" decoding=\"async\" src=\"https:\/\/montreal.wordcamp.org\/2023\/files\/2023\/06\/WordPress_blue_logo.svg_-1024x1024.png\" alt=\"\" class=\"wp-image-375\" width=\"154\" height=\"154\" srcset=\"https:\/\/montreal.wordcamp.org\/2023\/files\/2023\/06\/WordPress_blue_logo.svg_-1024x1024.png 1024w, https:\/\/montreal.wordcamp.org\/2023\/files\/2023\/06\/WordPress_blue_logo.svg_-300x300.png 300w, https:\/\/montreal.wordcamp.org\/2023\/files\/2023\/06\/WordPress_blue_logo.svg_-150x150.png 150w, https:\/\/montreal.wordcamp.org\/2023\/files\/2023\/06\/WordPress_blue_logo.svg_-768x768.png 768w, https:\/\/montreal.wordcamp.org\/2023\/files\/2023\/06\/WordPress_blue_logo.svg_-1536x1536.png 1536w, https:\/\/montreal.wordcamp.org\/2023\/files\/2023\/06\/WordPress_blue_logo.svg_.png 2048w\" sizes=\"auto, (max-width: 154px) 100vw, 154px\" \/><\/figure>\n\n\n\n<h2 class=\"wp-block-heading has-text-align-center has-base-color has-text-color\" style=\"margin-top:40px;margin-right:0px;margin-bottom:0px;margin-left:0px;font-size:clamp(2.2rem, 2.2rem + ((1vw - 0.2rem) * 3.273), 4rem);font-style:normal;font-weight:500\"><strong>WordCamp Montr\u00e9al 2023<\/strong><\/h2>\n<\/div><\/div>\n\n\n\n<p>Les billets pour WordCamp Montr\u00e9al couvrent nos frais de diffusion en direct de l&rsquo;\u00e9v\u00e9nement pour tous les participants.<\/p>\n\n\n<a href=\"https:\/\/montreal.wordcamp.org\/2023\/fr\/billets\/\">Please view this page in a browser to purchase or manage tickets.<\/a>\n","protected":false},"excerpt":{"rendered":"<p>Les billets pour WordCamp Montr\u00e9al couvrent nos frais de diffusion en direct de l&rsquo;\u00e9v\u00e9nement pour tous les participants.<\/p>\n","protected":false},"author":15086888,"featured_media":0,"parent":488,"menu_order":0,"comment_status":"closed","ping_status":"closed","template":"","meta":{"advanced_seo_description":"Ne manquez pas le WordCamp Montr\u00e9al 2023. R\u00e9servez vos billets d\u00e8s aujourd'hui et rejoignez-nous pour une exp\u00e9rience WordPress inoubliable.","jetpack_seo_html_title":"WordCamp Montr\u00e9al 2023: R\u00e9servez vos billets maintenant","jetpack_seo_noindex":false,"jetpack_post_was_ever_published":false,"footnotes":""},"class_list":["post-688","page","type-page","status-publish","hentry"],"jetpack_sharing_enabled":true,"_links":{"self":[{"href":"https:\/\/montreal.wordcamp.org\/2023\/wp-json\/wp\/v2\/pages\/688","targetHints":{"allow":["GET"]}}],"collection":[{"href":"https:\/\/montreal.wordcamp.org\/2023\/wp-json\/wp\/v2\/pages"}],"about":[{"href":"https:\/\/montreal.wordcamp.org\/2023\/wp-json\/wp\/v2\/types\/page"}],"author":[{"embeddable":true,"href":"https:\/\/montreal.wordcamp.org\/2023\/wp-json\/wp\/v2\/users\/15086888"}],"replies":[{"embeddable":true,"href":"https:\/\/montreal.wordcamp.org\/2023\/wp-json\/wp\/v2\/comments?post=688"}],"version-history":[{"count":9,"href":"https:\/\/montreal.wordcamp.org\/2023\/wp-json\/wp\/v2\/pages\/688\/revisions"}],"predecessor-version":[{"id":1037,"href":"https:\/\/montreal.wordcamp.org\/2023\/wp-json\/wp\/v2\/pages\/688\/revisions\/1037"}],"up":[{"embeddable":true,"href":"https:\/\/montreal.wordcamp.org\/2023\/wp-json\/wp\/v2\/pages\/488"}],"wp:attachment":[{"href":"https:\/\/montreal.wordcamp.org\/2023\/wp-json\/wp\/v2\/media?parent=688"}],"curies":[{"name":"wp","href":"https:\/\/api.w.org\/{rel}","templated":true}]}}